{"id":86075,"date":"2024-10-16T19:54:50","date_gmt":"2024-10-16T19:54:50","guid":{"rendered":"https:\/\/vendas.compareplanodesaude.com.br\/sulamerica-saude\/?page_id=86075"},"modified":"2026-02-27T18:18:20","modified_gmt":"2026-02-27T18:18:20","slug":"black-friday-2025","status":"publish","type":"page","link":"https:\/\/vendas.compareplanodesaude.com.br\/sulamerica-saude\/black-friday-2025\/","title":{"rendered":"Black Friday 2025"},"content":{"rendered":"\t\t<div data-elementor-type=\"wp-page\" data-elementor-id=\"86075\" class=\"elementor elementor-86075\" data-elementor-post-type=\"page\">\n\t\t\t\t<div class=\"elementor-element elementor-element-21c8a65 e-flex e-con-boxed e-con e-parent\" data-id=\"21c8a65\" data-element_type=\"container\" data-settings=\"{&quot;background_background&quot;:&quot;gradient&quot;}\">\n\t\t\t\t\t<div class=\"e-con-inner\">\n\t\t<div class=\"elementor-element elementor-element-29d4261 e-con-full e-flex e-con e-child\" data-id=\"29d4261\" data-element_type=\"container\">\n\t\t\t\t<div class=\"elementor-element elementor-element-1e223fa elementor-widget elementor-widget-heading\" data-id=\"1e223fa\" data-element_type=\"widget\" data-widget_type=\"heading.default\">\n\t\t\t\t<div class=\"elementor-widget-container\">\n\t\t\t\t\t<h1 class=\"elementor-heading-title elementor-size-default\">Plano de Sa\u00fade SulAm\u00e9rica com at\u00e9 40% de desconto + 10% de cashback! <\/h1>\t\t\t\t<\/div>\n\t\t\t\t<\/div>\n\t\t\t\t<div class=\"elementor-element elementor-element-8e9fb97 elementor-widget elementor-widget-text-editor\" data-id=\"8e9fb97\" data-element_type=\"widget\" data-widget_type=\"text-editor.default\">\n\t\t\t\t<div class=\"elementor-widget-container\">\n\t\t\t\t\t\t\t\t\t<p>Realize uma cota\u00e7\u00e3o sob medida e contrate com descontos de at\u00e9 40% + 10% de cashback no primeiro m\u00eas!<\/p>\t\t\t\t\t\t\t\t<\/div>\n\t\t\t\t<\/div>\n\t\t<div class=\"elementor-element elementor-element-4aa7f1b e-con-full e-flex e-con e-child\" data-id=\"4aa7f1b\" data-element_type=\"container\">\n\t\t\t\t<div class=\"elementor-element elementor-element-b70674e elementor-mobile-align-justify elementor-widget elementor-widget-button\" data-id=\"b70674e\" data-element_type=\"widget\" data-widget_type=\"button.default\">\n\t\t\t\t<div class=\"elementor-widget-container\">\n\t\t\t\t\t\t\t\t\t<div class=\"elementor-button-wrapper\">\n\t\t\t\t\t<a class=\"elementor-button elementor-button-link elementor-size-sm\" href=\"\/amil\/cotacao-online\/\">\n\t\t\t\t\t\t<span class=\"elementor-button-content-wrapper\">\n\t\t\t\t\t\t\t\t\t<span class=\"elementor-button-text\">Cota\u00e7\u00e3o online<\/span>\n\t\t\t\t\t<\/span>\n\t\t\t\t\t<\/a>\n\t\t\t\t<\/div>\n\t\t\t\t\t\t\t\t<\/div>\n\t\t\t\t<\/div>\n\t\t\t\t<div class=\"elementor-element elementor-element-10a97fd elementor-mobile-align-justify elementor-widget elementor-widget-button\" data-id=\"10a97fd\" data-element_type=\"widget\" data-widget_type=\"button.default\">\n\t\t\t\t<div class=\"elementor-widget-container\">\n\t\t\t\t\t\t\t\t\t<div class=\"elementor-button-wrapper\">\n\t\t\t\t\t<a class=\"elementor-button elementor-button-link elementor-size-sm\" href=\"https:\/\/api.whatsapp.com\/send?phone=5511913593086&#038;text=Ol%C3%A1%2C%20gostaria%20de%20iniciar%20o%20atendimento%20para%20uma%20cota%C3%A7%C3%A3o%20de%20planos%20de%20sa%C3%BAde%20Amil!%20Desejo%20iniciar%20o%20atendimento%20via%20913593086\">\n\t\t\t\t\t\t<span class=\"elementor-button-content-wrapper\">\n\t\t\t\t\t\t<span class=\"elementor-button-icon\">\n\t\t\t\t<svg aria-hidden=\"true\" class=\"e-font-icon-svg e-fab-whatsapp\" viewBox=\"0 0 448 512\" xmlns=\"http:\/\/www.w3.org\/2000\/svg\"><path d=\"M380.9 97.1C339 55.1 283.2 32 223.9 32c-122.4 0-222 99.6-222 222 0 39.1 10.2 77.3 29.6 111L0 480l117.7-30.9c32.4 17.7 68.9 27 106.1 27h.1c122.3 0 224.1-99.6 224.1-222 0-59.3-25.2-115-67.1-157zm-157 341.6c-33.2 0-65.7-8.9-94-25.7l-6.7-4-69.8 18.3L72 359.2l-4.4-7c-18.5-29.4-28.2-63.3-28.2-98.2 0-101.7 82.8-184.5 184.6-184.5 49.3 0 95.6 19.2 130.4 54.1 34.8 34.9 56.2 81.2 56.1 130.5 0 101.8-84.9 184.6-186.6 184.6zm101.2-138.2c-5.5-2.8-32.8-16.2-37.9-18-5.1-1.9-8.8-2.8-12.5 2.8-3.7 5.6-14.3 18-17.6 21.8-3.2 3.7-6.5 4.2-12 1.4-32.6-16.3-54-29.1-75.5-66-5.7-9.8 5.7-9.1 16.3-30.3 1.8-3.7.9-6.9-.5-9.7-1.4-2.8-12.5-30.1-17.1-41.2-4.5-10.8-9.1-9.3-12.5-9.5-3.2-.2-6.9-.2-10.6-.2-3.7 0-9.7 1.4-14.8 6.9-5.1 5.6-19.4 19-19.4 46.3 0 27.3 19.9 53.7 22.6 57.4 2.8 3.7 39.1 59.7 94.8 83.8 35.2 15.2 49 16.5 66.6 13.9 10.7-1.6 32.8-13.4 37.4-26.4 4.6-13 4.6-24.1 3.2-26.4-1.3-2.5-5-3.9-10.5-6.6z\"><\/path><\/svg>\t\t\t<\/span>\n\t\t\t\t\t\t\t\t\t<span class=\"elementor-button-text\">Cota\u00e7\u00e3o via WhatsApp<\/span>\n\t\t\t\t\t<\/span>\n\t\t\t\t\t<\/a>\n\t\t\t\t<\/div>\n\t\t\t\t\t\t\t\t<\/div>\n\t\t\t\t<\/div>\n\t\t\t\t<\/div>\n\t\t\t\t<\/div>\n\t\t<div class=\"elementor-element elementor-element-785d243 e-con-full e-flex e-con e-child\" data-id=\"785d243\" data-element_type=\"container\">\n\t\t\t\t<div class=\"elementor-element elementor-element-df9e823 e-transform elementor-widget elementor-widget-wpforms\" data-id=\"df9e823\" data-element_type=\"widget\" data-settings=\"{&quot;_transform_scale_effect&quot;:{&quot;unit&quot;:&quot;px&quot;,&quot;size&quot;:0.8,&quot;sizes&quot;:[]},&quot;_transform_scale_effect_tablet&quot;:{&quot;unit&quot;:&quot;px&quot;,&quot;size&quot;:&quot;&quot;,&quot;sizes&quot;:[]},&quot;_transform_scale_effect_mobile&quot;:{&quot;unit&quot;:&quot;px&quot;,&quot;size&quot;:&quot;&quot;,&quot;sizes&quot;:[]}}\" data-widget_type=\"wpforms.default\">\n\t\t\t\t<div class=\"elementor-widget-container\">\n\t\t\t\t\t<div class=\"wpforms-container wpforms-container-full formCard\" id=\"wpforms-98704\"><form id=\"wpforms-form-98704\" class=\"wpforms-validate wpforms-form wpforms-ajax-form\" data-formid=\"98704\" method=\"post\" enctype=\"multipart\/form-data\" action=\"\/sulamerica-saude\/wp-json\/wp\/v2\/pages\/86075\" data-token=\"010be8825c711d749abb30679855b78c\" data-token-time=\"1777454632\"><noscript class=\"wpforms-error-noscript\">Ative o JavaScript no seu navegador para preencher este formul\u00e1rio.<\/noscript><div class=\"wpforms-field-container\"><div id=\"wpforms-98704-field_1-container\" class=\"wpforms-field wpforms-field-html textToper\" data-field-id=\"1\"><div id=\"wpforms-98704-field_1\">Cote gr\u00e1tis e garanta at\u00e9 40% de desconto!<\/div><\/div><div id=\"wpforms-98704-field_16-container\" class=\"wpforms-field wpforms-field-html textMinor\" data-field-id=\"16\"><div id=\"wpforms-98704-field_16\">Preencha seus dados e receba uma cota\u00e7\u00e3o personalizada<\/div><\/div><div id=\"wpforms-98704-field_3-container\" class=\"wpforms-field wpforms-field-layout\" data-field-id=\"3\"><div class=\"wpforms-field-layout-rows wpforms-field-large\"><div class=\"wpforms-layout-row\"><div class=\"wpforms-layout-column wpforms-layout-column-50\"><div id=\"wpforms-98704-field_4-container\" class=\"wpforms-field wpforms-field-text\" data-field-id=\"4\"><label class=\"wpforms-field-label\" for=\"wpforms-98704-field_4\">Nome <span class=\"wpforms-required-label\">*<\/span><\/label><input type=\"text\" id=\"wpforms-98704-field_4\" class=\"wpforms-field-medium wpforms-field-required\" name=\"wpforms[fields][4]\" placeholder=\"seu nome\" required><\/div><\/div><div class=\"wpforms-layout-column wpforms-layout-column-50\"><div id=\"wpforms-98704-field_5-container\" class=\"wpforms-field wpforms-field-text\" data-field-id=\"5\"><label class=\"wpforms-field-label\" for=\"wpforms-98704-field_5\">Telefone <span class=\"wpforms-required-label\">*<\/span><\/label><input type=\"text\" id=\"wpforms-98704-field_5\" class=\"wpforms-field-medium wpforms-field-required wpforms-masked-input\" data-rule-inputmask-incomplete=\"1\" data-inputmask-mask=\"(99) 99999-9999\" name=\"wpforms[fields][5]\" placeholder=\"BR (11) 99999-9999\" required><\/div><\/div><\/div><\/div><\/div><div id=\"wpforms-98704-field_6-container\" class=\"wpforms-field wpforms-field-email\" data-field-id=\"6\"><label class=\"wpforms-field-label\" for=\"wpforms-98704-field_6\">E-mail <span class=\"wpforms-required-label\">*<\/span><\/label><input type=\"email\" id=\"wpforms-98704-field_6\" class=\"wpforms-field-large wpforms-field-required\" name=\"wpforms[fields][6]\" placeholder=\"seu@email.com\" spellcheck=\"false\" required><\/div><div id=\"wpforms-98704-field_18-container\" class=\"wpforms-field wpforms-field-hidden campo_gclid_js\" data-field-id=\"18\"><input type=\"hidden\" id=\"wpforms-98704-field_18\" name=\"wpforms[fields][18]\"><\/div><div id=\"wpforms-98704-field_19-container\" class=\"wpforms-field wpforms-field-hidden utm_campaign_js\" data-field-id=\"19\"><input type=\"hidden\" id=\"wpforms-98704-field_19\" name=\"wpforms[fields][19]\"><\/div><div id=\"wpforms-98704-field_20-container\" class=\"wpforms-field wpforms-field-hidden utm_term_js\" data-field-id=\"20\"><input type=\"hidden\" id=\"wpforms-98704-field_20\" name=\"wpforms[fields][20]\"><\/div>\t\t<div id=\"wpforms-98704-field_2-container\"\n\t\t\tclass=\"wpforms-field wpforms-field-text\"\n\t\t\tdata-field-type=\"text\"\n\t\t\tdata-field-id=\"2\"\n\t\t\t>\n\t\t\t<label class=\"wpforms-field-label\" for=\"wpforms-98704-field_2\" >UTM-TERMO CNPJ? para<\/label>\n\t\t\t<input type=\"text\" id=\"wpforms-98704-field_2\" class=\"wpforms-field-medium\" name=\"wpforms[fields][2]\" >\n\t\t<\/div>\n\t\t<div id=\"wpforms-98704-field_17-container\" class=\"wpforms-field wpforms-field-select wpforms-field-select-style-classic\" data-field-id=\"17\"><label class=\"wpforms-field-label\" for=\"wpforms-98704-field_17\">Selecione sua Modalidade <span class=\"wpforms-required-label\">*<\/span><\/label><select id=\"wpforms-98704-field_17\" class=\"wpforms-field-medium wpforms-field-required\" name=\"wpforms[fields][17]\" required=\"required\"><option value=\"\" class=\"placeholder\" disabled  selected='selected'>Modalidade<\/option><option value=\"Empresarial\"  class=\"choice-4 depth-1\"  >Empresarial<\/option><option value=\"MEI\"  class=\"choice-5 depth-1\"  >MEI<\/option><option value=\"Individual\"  class=\"choice-1 depth-1\"  >Individual<\/option><option value=\"Familiar\"  class=\"choice-2 depth-1\"  >Familiar<\/option><option value=\"S\u00eanior\"  class=\"choice-3 depth-1\"  >S\u00eanior<\/option><\/select><\/div><div id=\"wpforms-98704-field_8-container\" class=\"wpforms-field wpforms-field-radio wpforms-list-inline wpforms-conditional-trigger\" data-field-id=\"8\"><label class=\"wpforms-field-label\">Possui CNPJ?<\/label><ul id=\"wpforms-98704-field_8\"><li class=\"choice-1 depth-1\"><input type=\"radio\" id=\"wpforms-98704-field_8_1\" name=\"wpforms[fields][8]\" value=\"Sim\"  ><label class=\"wpforms-field-label-inline\" for=\"wpforms-98704-field_8_1\">Sim<\/label><\/li><li class=\"choice-2 depth-1\"><input type=\"radio\" id=\"wpforms-98704-field_8_2\" name=\"wpforms[fields][8]\" value=\"N\u00e3o\"  ><label class=\"wpforms-field-label-inline\" for=\"wpforms-98704-field_8_2\">N\u00e3o<\/label><\/li><\/ul><\/div><div id=\"wpforms-98704-field_9-container\" class=\"wpforms-field wpforms-field-text wpforms-conditional-field wpforms-conditional-show\" data-field-id=\"9\" style=\"display:none;\"><label class=\"wpforms-field-label\" for=\"wpforms-98704-field_9\">CNPJ<\/label><input type=\"text\" id=\"wpforms-98704-field_9\" class=\"wpforms-field-medium wpforms-masked-input\" data-rule-inputmask-incomplete=\"1\" data-inputmask-mask=\"99.999.9999-99\" name=\"wpforms[fields][9]\" placeholder=\"00.000.0000-00\" ><\/div><div id=\"wpforms-98704-field_10-container\" class=\"wpforms-field wpforms-field-layout\" data-field-id=\"10\"><div class=\"wpforms-field-layout-rows wpforms-field-large\"><div class=\"wpforms-layout-row\"><div class=\"wpforms-layout-column wpforms-layout-column-50\"><div id=\"wpforms-98704-field_13-container\" class=\"wpforms-field wpforms-field-select wpforms-field-select-style-classic\" data-field-id=\"13\"><label class=\"wpforms-field-label\" for=\"wpforms-98704-field_13\">Cota\u00e7\u00e3o para quantas pessoas?<\/label><select id=\"wpforms-98704-field_13\" class=\"wpforms-field-medium\" name=\"wpforms[fields][13]\"><option value=\"\" class=\"placeholder\" disabled  selected='selected'>Quantidade<\/option><option value=\"1 pessoa\"  class=\"choice-1 depth-1\"  >1 pessoa<\/option><option value=\"2 pessoas\"  class=\"choice-4 depth-1\"  >2 pessoas<\/option><option value=\"3 pessoas\"  class=\"choice-2 depth-1\"  >3 pessoas<\/option><option value=\"4 pessoas\"  class=\"choice-3 depth-1\"  >4 pessoas<\/option><option value=\"5 pessoas\"  class=\"choice-10 depth-1\"  >5 pessoas<\/option><option value=\"6 pessoas\"  class=\"choice-9 depth-1\"  >6 pessoas<\/option><option value=\"7 pessoas\"  class=\"choice-8 depth-1\"  >7 pessoas<\/option><option value=\"8 pessoas\"  class=\"choice-7 depth-1\"  >8 pessoas<\/option><option value=\"9 pessoas\"  class=\"choice-6 depth-1\"  >9 pessoas<\/option><option value=\"10+ pessoas\"  class=\"choice-5 depth-1\"  >10+ pessoas<\/option><\/select><\/div><\/div><div class=\"wpforms-layout-column wpforms-layout-column-50\"><div id=\"wpforms-98704-field_14-container\" class=\"wpforms-field wpforms-field-text\" data-field-id=\"14\"><label class=\"wpforms-field-label\" for=\"wpforms-98704-field_14\">Valor mensal <span class=\"wpforms-required-label\">*<\/span><\/label><input type=\"text\" id=\"wpforms-98704-field_14\" class=\"wpforms-field-medium wpforms-field-required wpforms-masked-input\" data-rule-inputmask-incomplete=\"1\" data-inputmask-mask=\"R$9[9][9][9][9][9][9],00\" name=\"wpforms[fields][14]\" placeholder=\"R$ 0,00\" required><\/div><\/div><\/div><\/div><\/div><script>\n\t\t\t\t( function() {\n\t\t\t\t\tconst style = document.createElement( 'style' );\n\t\t\t\t\tstyle.appendChild( document.createTextNode( '#wpforms-98704-field_2-container { position: absolute !important; overflow: hidden !important; display: inline !important; height: 1px !important; width: 1px !important; z-index: -1000 !important; padding: 0 !important; } #wpforms-98704-field_2-container input { visibility: hidden; } #wpforms-conversational-form-page #wpforms-98704-field_2-container label { counter-increment: none; }' ) );\n\t\t\t\t\tdocument.head.appendChild( style );\n\t\t\t\t\tdocument.currentScript?.remove();\n\t\t\t\t} )();\n\t\t\t<\/script><\/div><!-- .wpforms-field-container --><div class=\"wpforms-submit-container\" ><input type=\"hidden\" name=\"wpforms[id]\" value=\"98704\"><input type=\"hidden\" name=\"page_title\" value=\"\"><input type=\"hidden\" name=\"page_url\" value=\"https:\/\/vendas.compareplanodesaude.com.br\/sulamerica-saude\/wp-json\/wp\/v2\/pages\/86075\"><input type=\"hidden\" name=\"url_referer\" value=\"\"><button type=\"submit\" name=\"wpforms[submit]\" id=\"wpforms-submit-98704\" class=\"wpforms-submit formSubmit\" data-alt-text=\"Enviando\u2026\" data-submit-text=\"SOLICITAR COTA\u00c7\u00c3O GRATUITA\" aria-live=\"assertive\" value=\"wpforms-submit\">SOLICITAR COTA\u00c7\u00c3O GRATUITA<\/button><img decoding=\"async\" src=\"https:\/\/vendas.compareplanodesaude.com.br\/sulamerica-saude\/wp-content\/plugins\/wpforms\/assets\/images\/submit-spin.svg\" class=\"wpforms-submit-spinner\" style=\"display: none;\" width=\"26\" height=\"26\" alt=\"Carregando\"><\/div><\/form><\/div>  <!-- .wpforms-container -->\t\t\t\t<\/div>\n\t\t\t\t<\/div>\n\t\t\t\t<\/div>\n\t\t\t\t\t<\/div>\n\t\t\t\t<\/div>\n\t\t\t\t<\/div>\n\t\t","protected":false},"excerpt":{"rendered":"<p>Plano de Sa\u00fade SulAm\u00e9rica com at\u00e9 40% de desconto + 10% de cashback! Realize uma cota\u00e7\u00e3o sob medida e contrate com descontos de at\u00e9 40% + 10% de cashback no primeiro m\u00eas! Cota\u00e7\u00e3o online Cota\u00e7\u00e3o via WhatsApp Ative o JavaScript no seu navegador para preencher este formul\u00e1rio.Cote gr\u00e1tis e garanta at\u00e9 40% de desconto!Preencha seus [&hellip;]<\/p>\n","protected":false},"author":1,"featured_media":0,"parent":0,"menu_order":0,"comment_status":"closed","ping_status":"closed","template":"","meta":{"_monsterinsights_skip_tracking":false,"_monsterinsights_sitenote_active":false,"_monsterinsights_sitenote_note":"","_monsterinsights_sitenote_category":0,"footnotes":""},"class_list":["post-86075","page","type-page","status-publish","hentry"],"yoast_head":"<!-- This site is optimized with the Yoast SEO plugin v26.3 - https:\/\/yoast.com\/wordpress\/plugins\/seo\/ -->\n<title>Black Friday 2025 - Sulam\u00e9rica - Planos de Sa\u00fade com at\u00e9 50% de desconto<\/title>\n<meta name=\"robots\" content=\"index, follow, max-snippet:-1, max-image-preview:large, max-video-preview:-1\" \/>\n<link rel=\"canonical\" href=\"https:\/\/vendas.compareplanodesaude.com.br\/sulamerica-saude\/black-friday-2025\/\" \/>\n<meta property=\"og:locale\" content=\"pt_BR\" \/>\n<meta property=\"og:type\" content=\"article\" \/>\n<meta property=\"og:title\" content=\"Black Friday 2025 - Sulam\u00e9rica - Planos de Sa\u00fade com at\u00e9 50% de desconto\" \/>\n<meta property=\"og:description\" content=\"Plano de Sa\u00fade SulAm\u00e9rica com at\u00e9 40% de desconto + 10% de cashback! Realize uma cota\u00e7\u00e3o sob medida e contrate com descontos de at\u00e9 40% + 10% de cashback no primeiro m\u00eas! Cota\u00e7\u00e3o online Cota\u00e7\u00e3o via WhatsApp Ative o JavaScript no seu navegador para preencher este formul\u00e1rio.Cote gr\u00e1tis e garanta at\u00e9 40% de desconto!Preencha seus [&hellip;]\" \/>\n<meta property=\"og:url\" content=\"https:\/\/vendas.compareplanodesaude.com.br\/sulamerica-saude\/black-friday-2025\/\" \/>\n<meta property=\"og:site_name\" content=\"Sulam\u00e9rica - Planos de Sa\u00fade com at\u00e9 50% de desconto\" \/>\n<meta property=\"article:modified_time\" content=\"2026-02-27T18:18:20+00:00\" \/>\n<meta property=\"og:image\" content=\"https:\/\/vendas.compareplanodesaude.com.br\/sulamerica-saude\/wp-content\/plugins\/wpforms\/assets\/images\/submit-spin.svg\" \/>\n<meta name=\"twitter:card\" content=\"summary_large_image\" \/>\n<meta name=\"twitter:label1\" content=\"Est. tempo de leitura\" \/>\n\t<meta name=\"twitter:data1\" content=\"1 minuto\" \/>\n<script type=\"application\/ld+json\" class=\"yoast-schema-graph\">{\"@context\":\"https:\/\/schema.org\",\"@graph\":[{\"@type\":\"WebPage\",\"@id\":\"https:\/\/vendas.compareplanodesaude.com.br\/sulamerica-saude\/black-friday-2025\/\",\"url\":\"https:\/\/vendas.compareplanodesaude.com.br\/sulamerica-saude\/black-friday-2025\/\",\"name\":\"Black Friday 2025 - Sulam\u00e9rica - Planos de Sa\u00fade com at\u00e9 50% de desconto\",\"isPartOf\":{\"@id\":\"https:\/\/vendas.compareplanodesaude.com.br\/sulamerica-saude\/#website\"},\"primaryImageOfPage\":{\"@id\":\"https:\/\/vendas.compareplanodesaude.com.br\/sulamerica-saude\/black-friday-2025\/#primaryimage\"},\"image\":{\"@id\":\"https:\/\/vendas.compareplanodesaude.com.br\/sulamerica-saude\/black-friday-2025\/#primaryimage\"},\"thumbnailUrl\":\"https:\/\/vendas.compareplanodesaude.com.br\/sulamerica-saude\/wp-content\/plugins\/wpforms\/assets\/images\/submit-spin.svg\",\"datePublished\":\"2024-10-16T19:54:50+00:00\",\"dateModified\":\"2026-02-27T18:18:20+00:00\",\"inLanguage\":\"pt-BR\",\"potentialAction\":[{\"@type\":\"ReadAction\",\"target\":[\"https:\/\/vendas.compareplanodesaude.com.br\/sulamerica-saude\/black-friday-2025\/\"]}]},{\"@type\":\"ImageObject\",\"inLanguage\":\"pt-BR\",\"@id\":\"https:\/\/vendas.compareplanodesaude.com.br\/sulamerica-saude\/black-friday-2025\/#primaryimage\",\"url\":\"https:\/\/vendas.compareplanodesaude.com.br\/sulamerica-saude\/wp-content\/plugins\/wpforms\/assets\/images\/submit-spin.svg\",\"contentUrl\":\"https:\/\/vendas.compareplanodesaude.com.br\/sulamerica-saude\/wp-content\/plugins\/wpforms\/assets\/images\/submit-spin.svg\"},{\"@type\":\"WebSite\",\"@id\":\"https:\/\/vendas.compareplanodesaude.com.br\/sulamerica-saude\/#website\",\"url\":\"https:\/\/vendas.compareplanodesaude.com.br\/sulamerica-saude\/\",\"name\":\"Sulam\u00e9rica - Planos de Sa\u00fade com at\u00e9 50% de desconto\",\"description\":\"Planos de Sa\u00fade Sulam\u00e9rica\",\"potentialAction\":[{\"@type\":\"SearchAction\",\"target\":{\"@type\":\"EntryPoint\",\"urlTemplate\":\"https:\/\/vendas.compareplanodesaude.com.br\/sulamerica-saude\/?s={search_term_string}\"},\"query-input\":{\"@type\":\"PropertyValueSpecification\",\"valueRequired\":true,\"valueName\":\"search_term_string\"}}],\"inLanguage\":\"pt-BR\"}]}<\/script>\n<!-- \/ Yoast SEO plugin. -->","yoast_head_json":{"title":"Black Friday 2025 - Sulam\u00e9rica - Planos de Sa\u00fade com at\u00e9 50% de desconto","robots":{"index":"index","follow":"follow","max-snippet":"max-snippet:-1","max-image-preview":"max-image-preview:large","max-video-preview":"max-video-preview:-1"},"canonical":"https:\/\/vendas.compareplanodesaude.com.br\/sulamerica-saude\/black-friday-2025\/","og_locale":"pt_BR","og_type":"article","og_title":"Black Friday 2025 - Sulam\u00e9rica - Planos de Sa\u00fade com at\u00e9 50% de desconto","og_description":"Plano de Sa\u00fade SulAm\u00e9rica com at\u00e9 40% de desconto + 10% de cashback! Realize uma cota\u00e7\u00e3o sob medida e contrate com descontos de at\u00e9 40% + 10% de cashback no primeiro m\u00eas! Cota\u00e7\u00e3o online Cota\u00e7\u00e3o via WhatsApp Ative o JavaScript no seu navegador para preencher este formul\u00e1rio.Cote gr\u00e1tis e garanta at\u00e9 40% de desconto!Preencha seus [&hellip;]","og_url":"https:\/\/vendas.compareplanodesaude.com.br\/sulamerica-saude\/black-friday-2025\/","og_site_name":"Sulam\u00e9rica - Planos de Sa\u00fade com at\u00e9 50% de desconto","article_modified_time":"2026-02-27T18:18:20+00:00","og_image":[{"url":"https:\/\/vendas.compareplanodesaude.com.br\/sulamerica-saude\/wp-content\/plugins\/wpforms\/assets\/images\/submit-spin.svg","type":"","width":"","height":""}],"twitter_card":"summary_large_image","twitter_misc":{"Est. tempo de leitura":"1 minuto"},"schema":{"@context":"https:\/\/schema.org","@graph":[{"@type":"WebPage","@id":"https:\/\/vendas.compareplanodesaude.com.br\/sulamerica-saude\/black-friday-2025\/","url":"https:\/\/vendas.compareplanodesaude.com.br\/sulamerica-saude\/black-friday-2025\/","name":"Black Friday 2025 - Sulam\u00e9rica - Planos de Sa\u00fade com at\u00e9 50% de desconto","isPartOf":{"@id":"https:\/\/vendas.compareplanodesaude.com.br\/sulamerica-saude\/#website"},"primaryImageOfPage":{"@id":"https:\/\/vendas.compareplanodesaude.com.br\/sulamerica-saude\/black-friday-2025\/#primaryimage"},"image":{"@id":"https:\/\/vendas.compareplanodesaude.com.br\/sulamerica-saude\/black-friday-2025\/#primaryimage"},"thumbnailUrl":"https:\/\/vendas.compareplanodesaude.com.br\/sulamerica-saude\/wp-content\/plugins\/wpforms\/assets\/images\/submit-spin.svg","datePublished":"2024-10-16T19:54:50+00:00","dateModified":"2026-02-27T18:18:20+00:00","inLanguage":"pt-BR","potentialAction":[{"@type":"ReadAction","target":["https:\/\/vendas.compareplanodesaude.com.br\/sulamerica-saude\/black-friday-2025\/"]}]},{"@type":"ImageObject","inLanguage":"pt-BR","@id":"https:\/\/vendas.compareplanodesaude.com.br\/sulamerica-saude\/black-friday-2025\/#primaryimage","url":"https:\/\/vendas.compareplanodesaude.com.br\/sulamerica-saude\/wp-content\/plugins\/wpforms\/assets\/images\/submit-spin.svg","contentUrl":"https:\/\/vendas.compareplanodesaude.com.br\/sulamerica-saude\/wp-content\/plugins\/wpforms\/assets\/images\/submit-spin.svg"},{"@type":"WebSite","@id":"https:\/\/vendas.compareplanodesaude.com.br\/sulamerica-saude\/#website","url":"https:\/\/vendas.compareplanodesaude.com.br\/sulamerica-saude\/","name":"Sulam\u00e9rica - Planos de Sa\u00fade com at\u00e9 50% de desconto","description":"Planos de Sa\u00fade Sulam\u00e9rica","potentialAction":[{"@type":"SearchAction","target":{"@type":"EntryPoint","urlTemplate":"https:\/\/vendas.compareplanodesaude.com.br\/sulamerica-saude\/?s={search_term_string}"},"query-input":{"@type":"PropertyValueSpecification","valueRequired":true,"valueName":"search_term_string"}}],"inLanguage":"pt-BR"}]}},"_links":{"self":[{"href":"https:\/\/vendas.compareplanodesaude.com.br\/sulamerica-saude\/wp-json\/wp\/v2\/pages\/86075","targetHints":{"allow":["GET"]}}],"collection":[{"href":"https:\/\/vendas.compareplanodesaude.com.br\/sulamerica-saude\/wp-json\/wp\/v2\/pages"}],"about":[{"href":"https:\/\/vendas.compareplanodesaude.com.br\/sulamerica-saude\/wp-json\/wp\/v2\/types\/page"}],"author":[{"embeddable":true,"href":"https:\/\/vendas.compareplanodesaude.com.br\/sulamerica-saude\/wp-json\/wp\/v2\/users\/1"}],"replies":[{"embeddable":true,"href":"https:\/\/vendas.compareplanodesaude.com.br\/sulamerica-saude\/wp-json\/wp\/v2\/comments?post=86075"}],"version-history":[{"count":49,"href":"https:\/\/vendas.compareplanodesaude.com.br\/sulamerica-saude\/wp-json\/wp\/v2\/pages\/86075\/revisions"}],"predecessor-version":[{"id":99822,"href":"https:\/\/vendas.compareplanodesaude.com.br\/sulamerica-saude\/wp-json\/wp\/v2\/pages\/86075\/revisions\/99822"}],"wp:attachment":[{"href":"https:\/\/vendas.compareplanodesaude.com.br\/sulamerica-saude\/wp-json\/wp\/v2\/media?parent=86075"}],"curies":[{"name":"wp","href":"https:\/\/api.w.org\/{rel}","templated":true}]}}