{"id":60991,"date":"2019-05-31T19:59:49","date_gmt":"2019-05-31T19:59:49","guid":{"rendered":"https:\/\/sulamericasaudeempresarial.com.br\/?page_id=60991"},"modified":"2025-10-02T19:37:54","modified_gmt":"2025-10-02T19:37:54","slug":"sulamerica-saude-cotacao-dental","status":"publish","type":"page","link":"https:\/\/vendas.compareplanodesaude.com.br\/sulamerica-saude\/sulamerica-saude-cotacao-dental\/","title":{"rendered":"SulAm\u00e9rica Sa\u00fade &#8211; Cota\u00e7\u00e3o Dental"},"content":{"rendered":"\t\t<div data-elementor-type=\"wp-page\" data-elementor-id=\"60991\" class=\"elementor elementor-60991\" data-elementor-post-type=\"page\">\n\t\t\t\t\t\t<section class=\"elementor-section elementor-top-section elementor-element elementor-element-66cf65a8 elementor-section-boxed elementor-section-height-default elementor-section-height-default\" data-id=\"66cf65a8\" data-element_type=\"section\" data-settings=\"{&quot;background_background&quot;:&quot;classic&quot;}\">\n\t\t\t\t\t\t\t<div class=\"elementor-background-overlay\"><\/div>\n\t\t\t\t\t\t\t<div class=\"elementor-container elementor-column-gap-default\">\n\t\t\t\t\t<div class=\"elementor-column elementor-col-50 elementor-top-column elementor-element elementor-element-5e6791ff\" data-id=\"5e6791ff\" data-element_type=\"column\" data-settings=\"{&quot;background_background&quot;:&quot;classic&quot;}\">\n\t\t\t<div class=\"elementor-widget-wrap elementor-element-populated\">\n\t\t\t\t\t\t<div class=\"elementor-element elementor-element-42c1fa60 elementor-widget elementor-widget-text-editor\" data-id=\"42c1fa60\" data-element_type=\"widget\" data-widget_type=\"text-editor.default\">\n\t\t\t\t<div class=\"elementor-widget-container\">\n\t\t\t\t\t\t\t\t\t<p><span style=\"color: #de5300;\">01.<\/span> Preencha o formul\u00e1rio.<\/p><p><span style=\"color: #de5300;\">02.<\/span> Especialistas Bradesco Dental entrar\u00e3o em contato com voc\u00ea para confirmar os seus dados e tirar as suas d\u00favidas.<\/p><p><span style=\"color: #de5300;\">03.<\/span> Receba cota\u00e7\u00e3o de outros planos para fazer comparativos.<\/p>\t\t\t\t\t\t\t\t<\/div>\n\t\t\t\t<\/div>\n\t\t\t\t\t<\/div>\n\t\t<\/div>\n\t\t\t\t<div class=\"elementor-column elementor-col-50 elementor-top-column elementor-element elementor-element-648393d6\" data-id=\"648393d6\" data-element_type=\"column\">\n\t\t\t<div class=\"elementor-widget-wrap elementor-element-populated\">\n\t\t\t\t\t\t<div class=\"elementor-element elementor-element-45232d33 desconto-form elementor-widget elementor-widget-wpforms\" data-id=\"45232d33\" data-element_type=\"widget\" data-widget_type=\"wpforms.default\">\n\t\t\t\t<div class=\"elementor-widget-container\">\n\t\t\t\t\t<div class=\"wpforms-container wpforms-container-full wpforms-form-abandonment form-cotacao\" id=\"wpforms-59030\"><form id=\"wpforms-form-59030\" class=\"wpforms-validate wpforms-form\" data-formid=\"59030\" method=\"post\" enctype=\"multipart\/form-data\" action=\"\/sulamerica-saude\/wp-json\/wp\/v2\/pages\/60991\" data-token=\"1c51a4b6a0fee10a1efc0a5b8530f94d\" data-token-time=\"1777455480\"><div class=\"wpforms-head-container\"><div class=\"wpforms-title\">Cota\u00e7\u00e3o Dental<\/div><\/div><noscript class=\"wpforms-error-noscript\">Ative o JavaScript no seu navegador para preencher este formul\u00e1rio.<\/noscript><div class=\"wpforms-field-container\"><div id=\"wpforms-59030-field_10-container\" class=\"wpforms-field wpforms-field-hidden campo_gclid_js\" data-field-id=\"10\"><input type=\"hidden\" id=\"wpforms-59030-field_10\" name=\"wpforms[fields][10]\"><\/div><div id=\"wpforms-59030-field_0-container\" class=\"wpforms-field wpforms-field-name form-dados-dental\" data-field-id=\"0\"><label class=\"wpforms-field-label wpforms-label-hide\" for=\"wpforms-59030-field_0\">Nome <span class=\"wpforms-required-label\">*<\/span><\/label><input type=\"text\" id=\"wpforms-59030-field_0\" class=\"wpforms-field-large wpforms-field-required\" name=\"wpforms[fields][0]\" placeholder=\"Nome\" required><\/div><div id=\"wpforms-59030-field_1-container\" class=\"wpforms-field wpforms-field-text form-dados-dental\" data-field-id=\"1\"><label class=\"wpforms-field-label wpforms-label-hide\" for=\"wpforms-59030-field_1\">Email <span class=\"wpforms-required-label\">*<\/span><\/label><input type=\"text\" id=\"wpforms-59030-field_1\" class=\"wpforms-field-large wpforms-field-required\" name=\"wpforms[fields][1]\" placeholder=\"e-mail\" required><\/div><div id=\"wpforms-59030-field_8-container\" class=\"wpforms-field wpforms-field-text form-dados-dental\" data-field-id=\"8\"><label class=\"wpforms-field-label wpforms-label-hide\" for=\"wpforms-59030-field_8\">Celular <span class=\"wpforms-required-label\">*<\/span><\/label><input type=\"text\" id=\"wpforms-59030-field_8\" class=\"wpforms-field-large wpforms-field-required wpforms-masked-input\" data-rule-inputmask-incomplete=\"1\" data-inputmask-mask=\"((99) 9999-9999[9][9][9]|+99 999999-999[9][9][9])\" name=\"wpforms[fields][8]\" placeholder=\"Celular\" required><\/div><div id=\"wpforms-59030-field_9-container\" class=\"wpforms-field wpforms-field-html textformpadleft\" data-field-id=\"9\"><div id=\"wpforms-59030-field_9\"><p>Tipo do Plano<\/p><\/div><\/div><div id=\"wpforms-59030-field_5-container\" class=\"wpforms-field wpforms-field-radio formsemcor wpforms-list-inline\" data-field-id=\"5\"><label class=\"wpforms-field-label wpforms-label-hide\">Tipo do Plano <span class=\"wpforms-required-label\">*<\/span><\/label><ul id=\"wpforms-59030-field_5\" class=\"wpforms-field-required wpforms-image-choices wpforms-image-choices-modern\"><li class=\"choice-1 depth-1 wpforms-image-choices-item\"><label class=\"wpforms-field-label-inline\" for=\"wpforms-59030-field_5_1\" tabindex=\"0\"><span class=\"wpforms-image-choices-image\"><\/span><input type=\"radio\" id=\"wpforms-59030-field_5_1\" class=\"wpforms-screen-reader-element\" name=\"wpforms[fields][5]\" value=\"Empresarial\" tabindex=\"-1\" required ><span class=\"wpforms-image-choices-label\">Empresarial<\/span><\/label><\/li><li class=\"choice-2 depth-1 wpforms-image-choices-item\"><label class=\"wpforms-field-label-inline\" for=\"wpforms-59030-field_5_2\" tabindex=\"0\"><span class=\"wpforms-image-choices-image\"><\/span><input type=\"radio\" id=\"wpforms-59030-field_5_2\" class=\"wpforms-screen-reader-element\" name=\"wpforms[fields][5]\" value=\"Individual e Familiar\" tabindex=\"-1\" required ><span class=\"wpforms-image-choices-label\">Individual e Familiar<\/span><\/label><\/li><\/ul><\/div><\/div><!-- .wpforms-field-container --><div class=\"wpforms-field wpforms-field-hp\"><label for=\"wpforms-59030-field-hp\" class=\"wpforms-field-label\">Comment<\/label><input type=\"text\" name=\"wpforms[hp]\" id=\"wpforms-59030-field-hp\" class=\"wpforms-field-medium\"><\/div><div class=\"wpforms-submit-container\" ><input type=\"hidden\" name=\"wpforms[id]\" value=\"59030\"><input type=\"hidden\" name=\"page_title\" value=\"\"><input type=\"hidden\" name=\"page_url\" value=\"https:\/\/vendas.compareplanodesaude.com.br\/sulamerica-saude\/wp-json\/wp\/v2\/pages\/60991\"><input type=\"hidden\" name=\"url_referer\" value=\"\"><button type=\"submit\" name=\"wpforms[submit]\" id=\"wpforms-submit-59030\" class=\"wpforms-submit form-contato-button\" data-alt-text=\"Enviando...\" data-submit-text=\"Enviar\" aria-live=\"assertive\" value=\"wpforms-submit\">Enviar<\/button><\/div><\/form><\/div>  <!-- .wpforms-container -->\t\t\t\t<\/div>\n\t\t\t\t<\/div>\n\t\t\t\t\t<\/div>\n\t\t<\/div>\n\t\t\t\t\t<\/div>\n\t\t<\/section>\n\t\t\t\t<\/div>\n\t\t","protected":false},"excerpt":{"rendered":"<p>01. Preencha o formul\u00e1rio. 02. Especialistas Bradesco Dental entrar\u00e3o em contato com voc\u00ea para confirmar os seus dados e tirar as suas d\u00favidas. 03. Receba cota\u00e7\u00e3o de outros planos para fazer comparativos. Cota\u00e7\u00e3o DentalAtive o JavaScript no seu navegador para preencher este formul\u00e1rio.Nome *Email *Celular * Tipo do Plano Tipo do Plano * Empresarial Individual [&hellip;]<\/p>\n","protected":false},"author":1,"featured_media":0,"parent":0,"menu_order":0,"comment_status":"closed","ping_status":"closed","template":"","meta":{"_monsterinsights_skip_tracking":false,"_monsterinsights_sitenote_active":false,"_monsterinsights_sitenote_note":"","_monsterinsights_sitenote_category":0,"footnotes":""},"class_list":["post-60991","page","type-page","status-publish","hentry"],"yoast_head":"<!-- This site is optimized with the Yoast SEO plugin v26.3 - https:\/\/yoast.com\/wordpress\/plugins\/seo\/ -->\n<title>SulAm\u00e9rica Dental - Fa\u00e7a uma Cota\u00e7\u00e3o Online SulAm\u00e9rica Dental<\/title>\n<meta name=\"description\" content=\"Receba At\u00e9 30% de Desconto Fazendo uma Cota\u00e7\u00e3o Online na SulAm\u00e9rica Dental. Confira Todos os Planos, Pre\u00e7os e Benef\u00edcios da SulAm\u00e9rica Dental.\" \/>\n<meta name=\"robots\" content=\"index, follow, max-snippet:-1, max-image-preview:large, max-video-preview:-1\" \/>\n<link rel=\"canonical\" href=\"https:\/\/vendas.compareplanodesaude.com.br\/sulamerica-saude\/sulamerica-saude-cotacao-dental\/\" \/>\n<meta property=\"og:locale\" content=\"pt_BR\" \/>\n<meta property=\"og:type\" content=\"article\" \/>\n<meta property=\"og:title\" content=\"SulAm\u00e9rica Dental - Fa\u00e7a uma Cota\u00e7\u00e3o Online SulAm\u00e9rica Dental\" \/>\n<meta property=\"og:description\" content=\"Receba At\u00e9 30% de Desconto Fazendo uma Cota\u00e7\u00e3o Online na SulAm\u00e9rica Dental. Confira Todos os Planos, Pre\u00e7os e Benef\u00edcios da SulAm\u00e9rica Dental.\" \/>\n<meta property=\"og:url\" content=\"https:\/\/vendas.compareplanodesaude.com.br\/sulamerica-saude\/sulamerica-saude-cotacao-dental\/\" \/>\n<meta property=\"og:site_name\" content=\"Sulam\u00e9rica - Planos de Sa\u00fade com at\u00e9 50% de desconto\" \/>\n<meta property=\"article:modified_time\" content=\"2025-10-02T19:37:54+00:00\" \/>\n<meta name=\"twitter:card\" content=\"summary_large_image\" \/>\n<meta name=\"twitter:label1\" content=\"Est. tempo de leitura\" \/>\n\t<meta name=\"twitter:data1\" content=\"1 minuto\" \/>\n<script type=\"application\/ld+json\" class=\"yoast-schema-graph\">{\"@context\":\"https:\/\/schema.org\",\"@graph\":[{\"@type\":\"WebPage\",\"@id\":\"https:\/\/vendas.compareplanodesaude.com.br\/sulamerica-saude\/sulamerica-saude-cotacao-dental\/\",\"url\":\"https:\/\/vendas.compareplanodesaude.com.br\/sulamerica-saude\/sulamerica-saude-cotacao-dental\/\",\"name\":\"SulAm\u00e9rica Dental - Fa\u00e7a uma Cota\u00e7\u00e3o Online SulAm\u00e9rica Dental\",\"isPartOf\":{\"@id\":\"https:\/\/vendas.compareplanodesaude.com.br\/sulamerica-saude\/#website\"},\"datePublished\":\"2019-05-31T19:59:49+00:00\",\"dateModified\":\"2025-10-02T19:37:54+00:00\",\"description\":\"Receba At\u00e9 30% de Desconto Fazendo uma Cota\u00e7\u00e3o Online na SulAm\u00e9rica Dental. Confira Todos os Planos, Pre\u00e7os e Benef\u00edcios da SulAm\u00e9rica Dental.\",\"inLanguage\":\"pt-BR\",\"potentialAction\":[{\"@type\":\"ReadAction\",\"target\":[\"https:\/\/vendas.compareplanodesaude.com.br\/sulamerica-saude\/sulamerica-saude-cotacao-dental\/\"]}]},{\"@type\":\"WebSite\",\"@id\":\"https:\/\/vendas.compareplanodesaude.com.br\/sulamerica-saude\/#website\",\"url\":\"https:\/\/vendas.compareplanodesaude.com.br\/sulamerica-saude\/\",\"name\":\"Sulam\u00e9rica - Planos de Sa\u00fade com at\u00e9 50% de desconto\",\"description\":\"Planos de Sa\u00fade Sulam\u00e9rica\",\"potentialAction\":[{\"@type\":\"SearchAction\",\"target\":{\"@type\":\"EntryPoint\",\"urlTemplate\":\"https:\/\/vendas.compareplanodesaude.com.br\/sulamerica-saude\/?s={search_term_string}\"},\"query-input\":{\"@type\":\"PropertyValueSpecification\",\"valueRequired\":true,\"valueName\":\"search_term_string\"}}],\"inLanguage\":\"pt-BR\"}]}<\/script>\n<!-- \/ Yoast SEO plugin. -->","yoast_head_json":{"title":"SulAm\u00e9rica Dental - Fa\u00e7a uma Cota\u00e7\u00e3o Online SulAm\u00e9rica Dental","description":"Receba At\u00e9 30% de Desconto Fazendo uma Cota\u00e7\u00e3o Online na SulAm\u00e9rica Dental. Confira Todos os Planos, Pre\u00e7os e Benef\u00edcios da SulAm\u00e9rica Dental.","robots":{"index":"index","follow":"follow","max-snippet":"max-snippet:-1","max-image-preview":"max-image-preview:large","max-video-preview":"max-video-preview:-1"},"canonical":"https:\/\/vendas.compareplanodesaude.com.br\/sulamerica-saude\/sulamerica-saude-cotacao-dental\/","og_locale":"pt_BR","og_type":"article","og_title":"SulAm\u00e9rica Dental - Fa\u00e7a uma Cota\u00e7\u00e3o Online SulAm\u00e9rica Dental","og_description":"Receba At\u00e9 30% de Desconto Fazendo uma Cota\u00e7\u00e3o Online na SulAm\u00e9rica Dental. Confira Todos os Planos, Pre\u00e7os e Benef\u00edcios da SulAm\u00e9rica Dental.","og_url":"https:\/\/vendas.compareplanodesaude.com.br\/sulamerica-saude\/sulamerica-saude-cotacao-dental\/","og_site_name":"Sulam\u00e9rica - Planos de Sa\u00fade com at\u00e9 50% de desconto","article_modified_time":"2025-10-02T19:37:54+00:00","twitter_card":"summary_large_image","twitter_misc":{"Est. tempo de leitura":"1 minuto"},"schema":{"@context":"https:\/\/schema.org","@graph":[{"@type":"WebPage","@id":"https:\/\/vendas.compareplanodesaude.com.br\/sulamerica-saude\/sulamerica-saude-cotacao-dental\/","url":"https:\/\/vendas.compareplanodesaude.com.br\/sulamerica-saude\/sulamerica-saude-cotacao-dental\/","name":"SulAm\u00e9rica Dental - Fa\u00e7a uma Cota\u00e7\u00e3o Online SulAm\u00e9rica Dental","isPartOf":{"@id":"https:\/\/vendas.compareplanodesaude.com.br\/sulamerica-saude\/#website"},"datePublished":"2019-05-31T19:59:49+00:00","dateModified":"2025-10-02T19:37:54+00:00","description":"Receba At\u00e9 30% de Desconto Fazendo uma Cota\u00e7\u00e3o Online na SulAm\u00e9rica Dental. Confira Todos os Planos, Pre\u00e7os e Benef\u00edcios da SulAm\u00e9rica Dental.","inLanguage":"pt-BR","potentialAction":[{"@type":"ReadAction","target":["https:\/\/vendas.compareplanodesaude.com.br\/sulamerica-saude\/sulamerica-saude-cotacao-dental\/"]}]},{"@type":"WebSite","@id":"https:\/\/vendas.compareplanodesaude.com.br\/sulamerica-saude\/#website","url":"https:\/\/vendas.compareplanodesaude.com.br\/sulamerica-saude\/","name":"Sulam\u00e9rica - Planos de Sa\u00fade com at\u00e9 50% de desconto","description":"Planos de Sa\u00fade Sulam\u00e9rica","potentialAction":[{"@type":"SearchAction","target":{"@type":"EntryPoint","urlTemplate":"https:\/\/vendas.compareplanodesaude.com.br\/sulamerica-saude\/?s={search_term_string}"},"query-input":{"@type":"PropertyValueSpecification","valueRequired":true,"valueName":"search_term_string"}}],"inLanguage":"pt-BR"}]}},"_links":{"self":[{"href":"https:\/\/vendas.compareplanodesaude.com.br\/sulamerica-saude\/wp-json\/wp\/v2\/pages\/60991","targetHints":{"allow":["GET"]}}],"collection":[{"href":"https:\/\/vendas.compareplanodesaude.com.br\/sulamerica-saude\/wp-json\/wp\/v2\/pages"}],"about":[{"href":"https:\/\/vendas.compareplanodesaude.com.br\/sulamerica-saude\/wp-json\/wp\/v2\/types\/page"}],"author":[{"embeddable":true,"href":"https:\/\/vendas.compareplanodesaude.com.br\/sulamerica-saude\/wp-json\/wp\/v2\/users\/1"}],"replies":[{"embeddable":true,"href":"https:\/\/vendas.compareplanodesaude.com.br\/sulamerica-saude\/wp-json\/wp\/v2\/comments?post=60991"}],"version-history":[{"count":6,"href":"https:\/\/vendas.compareplanodesaude.com.br\/sulamerica-saude\/wp-json\/wp\/v2\/pages\/60991\/revisions"}],"predecessor-version":[{"id":98583,"href":"https:\/\/vendas.compareplanodesaude.com.br\/sulamerica-saude\/wp-json\/wp\/v2\/pages\/60991\/revisions\/98583"}],"wp:attachment":[{"href":"https:\/\/vendas.compareplanodesaude.com.br\/sulamerica-saude\/wp-json\/wp\/v2\/media?parent=60991"}],"curies":[{"name":"wp","href":"https:\/\/api.w.org\/{rel}","templated":true}]}}