{"id":29563,"date":"2019-03-25T21:28:21","date_gmt":"2019-03-25T21:28:21","guid":{"rendered":"https:\/\/sulamericasaudeempresarial.com.br\/?page_id=29563"},"modified":"2025-10-02T19:41:49","modified_gmt":"2025-10-02T19:41:49","slug":"contato-2","status":"publish","type":"page","link":"https:\/\/vendas.compareplanodesaude.com.br\/sulamerica-saude\/contato-2\/","title":{"rendered":"SulAm\u00e9rica Sa\u00fade &#8211; Contato"},"content":{"rendered":"\t\t<div data-elementor-type=\"wp-page\" data-elementor-id=\"29563\" class=\"elementor elementor-29563\" data-elementor-post-type=\"page\">\n\t\t\t\t\t\t<section class=\"elementor-section elementor-top-section elementor-element elementor-element-2b26c7c8 elementor-section-boxed elementor-section-height-default elementor-section-height-default\" data-id=\"2b26c7c8\" data-element_type=\"section\" data-settings=\"{&quot;background_background&quot;:&quot;classic&quot;}\">\n\t\t\t\t\t\t\t<div class=\"elementor-background-overlay\"><\/div>\n\t\t\t\t\t\t\t<div class=\"elementor-container elementor-column-gap-default\">\n\t\t\t\t\t<div class=\"elementor-column elementor-col-50 elementor-top-column elementor-element elementor-element-3aa60909\" data-id=\"3aa60909\" data-element_type=\"column\">\n\t\t\t<div class=\"elementor-widget-wrap elementor-element-populated\">\n\t\t\t\t\t\t<div class=\"elementor-element elementor-element-1c2fe595 elementor-widget elementor-widget-heading\" data-id=\"1c2fe595\" data-element_type=\"widget\" data-widget_type=\"heading.default\">\n\t\t\t\t<div class=\"elementor-widget-container\">\n\t\t\t\t\t<h1 class=\"elementor-heading-title elementor-size-default\">Fale Conosco<\/h1>\t\t\t\t<\/div>\n\t\t\t\t<\/div>\n\t\t\t\t<div class=\"elementor-element elementor-element-7cb50ca4 elementor-widget elementor-widget-text-editor\" data-id=\"7cb50ca4\" data-element_type=\"widget\" data-widget_type=\"text-editor.default\">\n\t\t\t\t<div class=\"elementor-widget-container\">\n\t\t\t\t\t\t\t\t\t<p>Tire todas suas d\u00favidas\u00a0sobre<\/p><p>nossos planos SulAm\u00e9rica<\/p>\t\t\t\t\t\t\t\t<\/div>\n\t\t\t\t<\/div>\n\t\t\t\t<div class=\"elementor-element elementor-element-2a5cb642 elementor-widget-divider--view-line elementor-widget elementor-widget-divider\" data-id=\"2a5cb642\" data-element_type=\"widget\" data-widget_type=\"divider.default\">\n\t\t\t\t<div class=\"elementor-widget-container\">\n\t\t\t\t\t\t\t<div class=\"elementor-divider\">\n\t\t\t<span class=\"elementor-divider-separator\">\n\t\t\t\t\t\t<\/span>\n\t\t<\/div>\n\t\t\t\t\t\t<\/div>\n\t\t\t\t<\/div>\n\t\t\t\t<div class=\"elementor-element elementor-element-44107362 elementor-widget elementor-widget-text-editor\" data-id=\"44107362\" data-element_type=\"widget\" data-widget_type=\"text-editor.default\">\n\t\t\t\t<div class=\"elementor-widget-container\">\n\t\t\t\t\t\t\t\t\t<p>Fale com um dos nossos especialistas<\/p><p style=\"color: #de5300;\"><a style=\"color: #dd5300;\" href=\"https:\/\/api.whatsapp.com\/send?phone=5511964929380&amp;text=Ol%C3%A1%2C%20gostaria%20de%20iniciar%20o%20atendimento%20para%20uma%20cota%C3%A7%C3%A3o%20de%20planos%20de%20sa%C3%BAde%20da%20%Sulam%C3%A9rica%20Sa%C3%BAde!\">(11) 3863-790<\/a>1<\/p><p>Consultoria Especializada<\/p><p style=\"color: #de5300;\"><a style=\"color: #dd5300;\" href=\"https:\/\/api.whatsapp.com\/send?phone=5511964929380&amp;text=Ol%C3%A1%2C%20gostaria%20de%20iniciar%20o%20atendimento%20para%20uma%20cota%C3%A7%C3%A3o%20de%20planos%20de%20sa%C3%BAde%20da%20%Sulam%C3%A9rica%20Sa%C3%BAde!\">(11) 96492-9380<\/a><\/p><p>Atendimento 24 horas<\/p>\t\t\t\t\t\t\t\t<\/div>\n\t\t\t\t<\/div>\n\t\t\t\t\t<\/div>\n\t\t<\/div>\n\t\t\t\t<div class=\"elementor-column elementor-col-50 elementor-top-column elementor-element elementor-element-52de76ec\" data-id=\"52de76ec\" data-element_type=\"column\">\n\t\t\t<div class=\"elementor-widget-wrap elementor-element-populated\">\n\t\t\t\t\t\t<div class=\"elementor-element elementor-element-33c43662 desconto-form elementor-widget elementor-widget-wpforms\" data-id=\"33c43662\" data-element_type=\"widget\" data-widget_type=\"wpforms.default\">\n\t\t\t\t<div class=\"elementor-widget-container\">\n\t\t\t\t\t<div class=\"wpforms-container wpforms-container-full wpforms-form-abandonment\" id=\"wpforms-30191\"><form id=\"wpforms-form-30191\" class=\"wpforms-validate wpforms-form\" data-formid=\"30191\" method=\"post\" enctype=\"multipart\/form-data\" action=\"\/sulamerica-saude\/wp-json\/wp\/v2\/pages\/29563\" data-token=\"19ae3be48e39fbe65c0bd67c88fb715f\" data-token-time=\"1777454635\"><div class=\"wpforms-head-container\"><div class=\"wpforms-title\">Fale conosco<\/div><\/div><noscript class=\"wpforms-error-noscript\">Ative o JavaScript no seu navegador para preencher este formul\u00e1rio.<\/noscript><div class=\"wpforms-field-container\"><div id=\"wpforms-30191-field_26-container\" class=\"wpforms-field wpforms-field-hidden campo_gclid_js\" data-field-id=\"26\"><input type=\"hidden\" id=\"wpforms-30191-field_26\" name=\"wpforms[fields][26]\"><\/div><div id=\"wpforms-30191-field_15-container\" class=\"wpforms-field wpforms-field-name placeholder-black\" data-field-id=\"15\"><label class=\"wpforms-field-label wpforms-label-hide\" for=\"wpforms-30191-field_15\">Nome <span class=\"wpforms-required-label\">*<\/span><\/label><input type=\"text\" id=\"wpforms-30191-field_15\" class=\"wpforms-field-large wpforms-field-required\" name=\"wpforms[fields][15]\" placeholder=\"Nome\" required><\/div><div id=\"wpforms-30191-field_19-container\" class=\"wpforms-field wpforms-field-email\" data-field-id=\"19\"><label class=\"wpforms-field-label wpforms-label-hide\" for=\"wpforms-30191-field_19\">e-mail <span class=\"wpforms-required-label\">*<\/span><\/label><input type=\"email\" id=\"wpforms-30191-field_19\" class=\"wpforms-field-large wpforms-field-required\" name=\"wpforms[fields][19]\" placeholder=\"E-mail\" spellcheck=\"false\" required><\/div><div id=\"wpforms-30191-field_25-container\" class=\"wpforms-field wpforms-field-text\" data-field-id=\"25\"><label class=\"wpforms-field-label wpforms-label-hide\" for=\"wpforms-30191-field_25\">Celular <span class=\"wpforms-required-label\">*<\/span><\/label><input type=\"text\" id=\"wpforms-30191-field_25\" class=\"wpforms-field-large wpforms-field-required wpforms-masked-input\" data-rule-inputmask-incomplete=\"1\" data-inputmask-mask=\"((99) 9999-9999[9][9][9]|+99 999999-999[9][9][9])\" name=\"wpforms[fields][25]\" placeholder=\"Celular\" required><\/div><div id=\"wpforms-30191-field_21-container\" class=\"wpforms-field wpforms-field-radio formsemcor wpforms-list-inline wpforms-conditional-trigger\" data-field-id=\"21\"><label class=\"wpforms-field-label wpforms-label-hide\">Tipo de cliente<\/label><ul id=\"wpforms-30191-field_21\" class=\"wpforms-image-choices wpforms-image-choices-modern\"><li class=\"choice-1 depth-1 wpforms-image-choices-item\"><label class=\"wpforms-field-label-inline\" for=\"wpforms-30191-field_21_1\" tabindex=\"0\"><span class=\"wpforms-image-choices-image\"><\/span><input type=\"radio\" id=\"wpforms-30191-field_21_1\" class=\"wpforms-screen-reader-element\" name=\"wpforms[fields][21]\" value=\"J\u00e1 sou cliente\" tabindex=\"-1\"  ><span class=\"wpforms-image-choices-label\">J\u00e1 sou cliente<\/span><\/label><\/li><li class=\"choice-2 depth-1 wpforms-image-choices-item\"><label class=\"wpforms-field-label-inline\" for=\"wpforms-30191-field_21_2\" tabindex=\"0\"><span class=\"wpforms-image-choices-image\"><\/span><input type=\"radio\" id=\"wpforms-30191-field_21_2\" class=\"wpforms-screen-reader-element\" name=\"wpforms[fields][21]\" value=\"N\u00e3o sou cliente\" tabindex=\"-1\"  ><span class=\"wpforms-image-choices-label\">N\u00e3o sou cliente<\/span><\/label><\/li><\/ul><\/div><div id=\"wpforms-30191-field_22-container\" class=\"wpforms-field wpforms-field-html wpforms-conditional-field wpforms-conditional-show\" data-field-id=\"22\" style=\"display:none;\"><div id=\"wpforms-30191-field_22\"><div class=\"et_pb_column et_pb_column_4_4 et_pb_column_2 et_pb_css_mix_blend_mode_passthrough et-last-child\">\r\n\t\t\t\t\t\t\t\r\n<div class=\"et_pb_module et_pb_accordion et_pb_accordion_0\">\r\n\t\t\t\t\t\t\t\r\n<div class=\"et_pb_toggle et_pb_module et_pb_accordion_item et_pb_accordion_item_0  et_pb_toggle_open\">\r\n\t\t\t\t\t\t\t\r\n<h5 class=\"et_pb_toggle_title\">Movimenta\u00e7\u00e3o Cadastral<\/h5>\r\n<div class=\"et_pb_toggle_content clearfix\">\r\n<p>Inclus\u00e3o e exclus\u00e3o de dependentes, altera\u00e7\u00e3o de dados, entre outros servi\u00e7os. <br \/>\r\n3004-1000 Capitais e regi\u00f5es metropolitanas.<br \/> \r\n0800-706-2363 Demais localidades.<\/p>\r\n<\/div> <!-- .et_pb_toggle_content -->\r\n<\/div> <!-- .et_pb_toggle --><div class=\"et_pb_toggle et_pb_module et_pb_accordion_item et_pb_accordion_item_1  et_pb_toggle_close\">\r\n\t\t\t\t\r\n<h5 class=\"et_pb_toggle_title\">Segunda Via de boleto<\/h5>\r\n<div class=\"et_pb_toggle_content clearfix\">\r\n<p>3004-1000 Capitais e regi\u00f5es metropolitanas. <br \/>\r\n0800-706-2363 Demais localidades.<\/p>\r\n<\/div> <!-- .et_pb_toggle_content -->\r\n<\/div> <!-- .et_pb_toggle --><div class=\"et_pb_toggle et_pb_module et_pb_accordion_item et_pb_accordion_item_2  et_pb_toggle_close\">\r\n\t\t\t\t\r\n<h5 class=\"et_pb_toggle_title\">Agendamento<\/h5>\r\n<div class=\"et_pb_toggle_content clearfix\">\r\n<p>3004-1000 Capitais e regi\u00f5es metropolitanas. <br \/>\r\n0800-706-2363 Demais localidades.<\/p>\r\n<\/div> <!-- .et_pb_toggle_content -->\r\n<\/div> <!-- .et_pb_toggle --><div class=\"et_pb_toggle et_pb_module et_pb_accordion_item et_pb_accordion_item_3  et_pb_toggle_close\">\r\n\t\t\t\t\r\n\t\t\t\t\r\n<h5 class=\"et_pb_toggle_title\">Outros<\/h5>\r\n<div class=\"et_pb_toggle_content clearfix\">\r\n<p>3004-1000 Capitais e regi\u00f5es metropolitanas. <br \/>\r\n0800-706-2363 Demais localidades.<\/p>\r\n<\/div> <!-- .et_pb_toggle_content -->\r\n<\/div> <!-- .et_pb_toggle -->\r\n<\/div> <!-- .et_pb_accordion -->\r\n<\/div><\/div><\/div><div id=\"wpforms-30191-field_23-container\" class=\"wpforms-field wpforms-field-html wpforms-conditional-field wpforms-conditional-show\" data-field-id=\"23\" style=\"display:none;\"><div id=\"wpforms-30191-field_23\"><div class=\"et_pb_column et_pb_column_4_4 et_pb_column_2 et_pb_css_mix_blend_mode_passthrough et-last-child\">\r\n\t\t\t\t\t\t\t\r\n<div class=\"et_pb_module et_pb_accordion et_pb_accordion_0\">\r\n\t\t\t\t\t\t\t\r\n<div class=\"et_pb_toggle et_pb_module et_pb_accordion_item et_pb_accordion_item_0  et_pb_toggle_open\">\r\n\t\t\t\t\t\t\t\r\n<h5 class=\"et_pb_toggle_title\">Cota\u00e7\u00e3o<\/h5>\r\n<div class=\"et_pb_toggle_content clearfix\">\r\n<p>Solicite uma cota\u00e7\u00e3o online e um de nossos consultores entrar\u00e1 em contato.<\/p>\r\n<\/div> <!-- .et_pb_toggle_content -->\r\n<\/div> <!-- .et_pb_toggle --><div class=\"et_pb_toggle et_pb_module et_pb_accordion_item et_pb_accordion_item_1  et_pb_toggle_close\">\r\n\t\t\t\t\r\n<h5 class=\"et_pb_toggle_title\">Carta de Perman\u00eancia<\/h5>\r\n<div class=\"et_pb_toggle_content clearfix\">\r\n<p>Para solicitar sua carta de perman\u00eancia entre em contato atrav\u00e9s dos n\u00fameros: <br \/>\r\n(11) 3863-7906<br \/>\r\n(11) 99466-9922<\/p>\r\n<\/div> <!-- .et_pb_toggle_content -->\r\n<\/div> <!-- .et_pb_toggle --><div class=\"et_pb_toggle et_pb_module et_pb_accordion_item et_pb_accordion_item_2  et_pb_toggle_close\">\r\n\t\t\t\t\r\n\t\t\t\t\r\n<h5 class=\"et_pb_toggle_title\">Outros<\/h5>\r\n<div class=\"et_pb_toggle_content clearfix\">\r\n<p>Para outras solicita\u00e7\u00f5es entre em contato: <br \/> \r\n(11) 3863-7906<br \/>\r\n(11) 99466-9922<\/p><\/div> <!-- .et_pb_toggle_content -->\r\n<\/div> <!-- .et_pb_toggle --><div class=\"et_pb_toggle et_pb_module et_pb_accordion_item et_pb_accordion_item_4  et_pb_toggle_close\">\r\n\t\t\t\t\r\n<\/div> <!-- .et_pb_toggle -->\r\n<\/div> <!-- .et_pb_accordion -->\r\n<\/div><\/div><\/div><div id=\"wpforms-30191-field_20-container\" class=\"wpforms-field wpforms-field-textarea\" data-field-id=\"20\"><label class=\"wpforms-field-label wpforms-label-hide\" for=\"wpforms-30191-field_20\">Mensagem<\/label><textarea id=\"wpforms-30191-field_20\" class=\"wpforms-field-medium\" name=\"wpforms[fields][20]\" placeholder=\"Digite aqui sua mensagem\" ><\/textarea><\/div><\/div><!-- .wpforms-field-container --><div class=\"wpforms-submit-container\" ><input type=\"hidden\" name=\"wpforms[id]\" value=\"30191\"><input type=\"hidden\" name=\"page_title\" value=\"\"><input type=\"hidden\" name=\"page_url\" value=\"https:\/\/vendas.compareplanodesaude.com.br\/sulamerica-saude\/wp-json\/wp\/v2\/pages\/29563\"><input type=\"hidden\" name=\"url_referer\" value=\"\"><button type=\"submit\" name=\"wpforms[submit]\" id=\"wpforms-submit-30191\" class=\"wpforms-submit\" data-alt-text=\"ENVIANDO\" data-submit-text=\"ENVIAR\" aria-live=\"assertive\" value=\"wpforms-submit\">ENVIAR<\/button><\/div><\/form><\/div>  <!-- .wpforms-container -->\t\t\t\t<\/div>\n\t\t\t\t<\/div>\n\t\t\t\t\t<\/div>\n\t\t<\/div>\n\t\t\t\t\t<\/div>\n\t\t<\/section>\n\t\t\t\t<\/div>\n\t\t","protected":false},"excerpt":{"rendered":"<p>Fale Conosco Tire todas suas d\u00favidas\u00a0sobre nossos planos SulAm\u00e9rica Fale com um dos nossos especialistas (11) 3863-7901 Consultoria Especializada (11) 96492-9380 Atendimento 24 horas Fale conoscoAtive o JavaScript no seu navegador para preencher este formul\u00e1rio.Nome *e-mail *Celular *Tipo de cliente J\u00e1 sou cliente N\u00e3o sou cliente Movimenta\u00e7\u00e3o Cadastral Inclus\u00e3o e exclus\u00e3o de dependentes, altera\u00e7\u00e3o de [&hellip;]<\/p>\n","protected":false},"author":1,"featured_media":0,"parent":0,"menu_order":0,"comment_status":"closed","ping_status":"closed","template":"","meta":{"_monsterinsights_skip_tracking":false,"_monsterinsights_sitenote_active":false,"_monsterinsights_sitenote_note":"","_monsterinsights_sitenote_category":0,"footnotes":""},"class_list":["post-29563","page","type-page","status-publish","hentry"],"yoast_head":"<!-- This site is optimized with the Yoast SEO plugin v26.3 - https:\/\/yoast.com\/wordpress\/plugins\/seo\/ -->\n<title>SulAm\u00e9rica Sa\u00fade - Canal Oficial de Contato SulAm\u00e9rica Sa\u00fade<\/title>\n<meta name=\"description\" content=\"Entre em Contato com a Su\u00e7Am\u00e9rica Sa\u00fade e Confira os Melhores Planos de Sa\u00fade com Descontos. Canal Oficial de Contato SulAm\u00e9rica Sa\u00fade.\" \/>\n<meta name=\"robots\" content=\"index, follow, max-snippet:-1, max-image-preview:large, max-video-preview:-1\" \/>\n<link rel=\"canonical\" href=\"https:\/\/vendas.compareplanodesaude.com.br\/sulamerica-saude\/contato-2\/\" \/>\n<meta property=\"og:locale\" content=\"pt_BR\" \/>\n<meta property=\"og:type\" content=\"article\" \/>\n<meta property=\"og:title\" content=\"SulAm\u00e9rica Sa\u00fade - Canal Oficial de Contato SulAm\u00e9rica Sa\u00fade\" \/>\n<meta property=\"og:description\" content=\"Entre em Contato com a Su\u00e7Am\u00e9rica Sa\u00fade e Confira os Melhores Planos de Sa\u00fade com Descontos. Canal Oficial de Contato SulAm\u00e9rica Sa\u00fade.\" \/>\n<meta property=\"og:url\" content=\"https:\/\/vendas.compareplanodesaude.com.br\/sulamerica-saude\/contato-2\/\" \/>\n<meta property=\"og:site_name\" content=\"Sulam\u00e9rica - Planos de Sa\u00fade com at\u00e9 50% de desconto\" \/>\n<meta property=\"article:modified_time\" content=\"2025-10-02T19:41:49+00:00\" \/>\n<meta name=\"twitter:card\" content=\"summary_large_image\" \/>\n<meta name=\"twitter:label1\" content=\"Est. tempo de leitura\" \/>\n\t<meta name=\"twitter:data1\" content=\"1 minuto\" \/>\n<script type=\"application\/ld+json\" class=\"yoast-schema-graph\">{\"@context\":\"https:\/\/schema.org\",\"@graph\":[{\"@type\":\"WebPage\",\"@id\":\"https:\/\/vendas.compareplanodesaude.com.br\/sulamerica-saude\/contato-2\/\",\"url\":\"https:\/\/vendas.compareplanodesaude.com.br\/sulamerica-saude\/contato-2\/\",\"name\":\"SulAm\u00e9rica Sa\u00fade - Canal Oficial de Contato SulAm\u00e9rica Sa\u00fade\",\"isPartOf\":{\"@id\":\"https:\/\/vendas.compareplanodesaude.com.br\/sulamerica-saude\/#website\"},\"datePublished\":\"2019-03-25T21:28:21+00:00\",\"dateModified\":\"2025-10-02T19:41:49+00:00\",\"description\":\"Entre em Contato com a Su\u00e7Am\u00e9rica Sa\u00fade e Confira os Melhores Planos de Sa\u00fade com Descontos. Canal Oficial de Contato SulAm\u00e9rica Sa\u00fade.\",\"inLanguage\":\"pt-BR\",\"potentialAction\":[{\"@type\":\"ReadAction\",\"target\":[\"https:\/\/vendas.compareplanodesaude.com.br\/sulamerica-saude\/contato-2\/\"]}]},{\"@type\":\"WebSite\",\"@id\":\"https:\/\/vendas.compareplanodesaude.com.br\/sulamerica-saude\/#website\",\"url\":\"https:\/\/vendas.compareplanodesaude.com.br\/sulamerica-saude\/\",\"name\":\"Sulam\u00e9rica - Planos de Sa\u00fade com at\u00e9 50% de desconto\",\"description\":\"Planos de Sa\u00fade Sulam\u00e9rica\",\"potentialAction\":[{\"@type\":\"SearchAction\",\"target\":{\"@type\":\"EntryPoint\",\"urlTemplate\":\"https:\/\/vendas.compareplanodesaude.com.br\/sulamerica-saude\/?s={search_term_string}\"},\"query-input\":{\"@type\":\"PropertyValueSpecification\",\"valueRequired\":true,\"valueName\":\"search_term_string\"}}],\"inLanguage\":\"pt-BR\"}]}<\/script>\n<!-- \/ Yoast SEO plugin. -->","yoast_head_json":{"title":"SulAm\u00e9rica Sa\u00fade - Canal Oficial de Contato SulAm\u00e9rica Sa\u00fade","description":"Entre em Contato com a Su\u00e7Am\u00e9rica Sa\u00fade e Confira os Melhores Planos de Sa\u00fade com Descontos. Canal Oficial de Contato SulAm\u00e9rica Sa\u00fade.","robots":{"index":"index","follow":"follow","max-snippet":"max-snippet:-1","max-image-preview":"max-image-preview:large","max-video-preview":"max-video-preview:-1"},"canonical":"https:\/\/vendas.compareplanodesaude.com.br\/sulamerica-saude\/contato-2\/","og_locale":"pt_BR","og_type":"article","og_title":"SulAm\u00e9rica Sa\u00fade - Canal Oficial de Contato SulAm\u00e9rica Sa\u00fade","og_description":"Entre em Contato com a Su\u00e7Am\u00e9rica Sa\u00fade e Confira os Melhores Planos de Sa\u00fade com Descontos. Canal Oficial de Contato SulAm\u00e9rica Sa\u00fade.","og_url":"https:\/\/vendas.compareplanodesaude.com.br\/sulamerica-saude\/contato-2\/","og_site_name":"Sulam\u00e9rica - Planos de Sa\u00fade com at\u00e9 50% de desconto","article_modified_time":"2025-10-02T19:41:49+00:00","twitter_card":"summary_large_image","twitter_misc":{"Est. tempo de leitura":"1 minuto"},"schema":{"@context":"https:\/\/schema.org","@graph":[{"@type":"WebPage","@id":"https:\/\/vendas.compareplanodesaude.com.br\/sulamerica-saude\/contato-2\/","url":"https:\/\/vendas.compareplanodesaude.com.br\/sulamerica-saude\/contato-2\/","name":"SulAm\u00e9rica Sa\u00fade - Canal Oficial de Contato SulAm\u00e9rica Sa\u00fade","isPartOf":{"@id":"https:\/\/vendas.compareplanodesaude.com.br\/sulamerica-saude\/#website"},"datePublished":"2019-03-25T21:28:21+00:00","dateModified":"2025-10-02T19:41:49+00:00","description":"Entre em Contato com a Su\u00e7Am\u00e9rica Sa\u00fade e Confira os Melhores Planos de Sa\u00fade com Descontos. Canal Oficial de Contato SulAm\u00e9rica Sa\u00fade.","inLanguage":"pt-BR","potentialAction":[{"@type":"ReadAction","target":["https:\/\/vendas.compareplanodesaude.com.br\/sulamerica-saude\/contato-2\/"]}]},{"@type":"WebSite","@id":"https:\/\/vendas.compareplanodesaude.com.br\/sulamerica-saude\/#website","url":"https:\/\/vendas.compareplanodesaude.com.br\/sulamerica-saude\/","name":"Sulam\u00e9rica - Planos de Sa\u00fade com at\u00e9 50% de desconto","description":"Planos de Sa\u00fade Sulam\u00e9rica","potentialAction":[{"@type":"SearchAction","target":{"@type":"EntryPoint","urlTemplate":"https:\/\/vendas.compareplanodesaude.com.br\/sulamerica-saude\/?s={search_term_string}"},"query-input":{"@type":"PropertyValueSpecification","valueRequired":true,"valueName":"search_term_string"}}],"inLanguage":"pt-BR"}]}},"_links":{"self":[{"href":"https:\/\/vendas.compareplanodesaude.com.br\/sulamerica-saude\/wp-json\/wp\/v2\/pages\/29563","targetHints":{"allow":["GET"]}}],"collection":[{"href":"https:\/\/vendas.compareplanodesaude.com.br\/sulamerica-saude\/wp-json\/wp\/v2\/pages"}],"about":[{"href":"https:\/\/vendas.compareplanodesaude.com.br\/sulamerica-saude\/wp-json\/wp\/v2\/types\/page"}],"author":[{"embeddable":true,"href":"https:\/\/vendas.compareplanodesaude.com.br\/sulamerica-saude\/wp-json\/wp\/v2\/users\/1"}],"replies":[{"embeddable":true,"href":"https:\/\/vendas.compareplanodesaude.com.br\/sulamerica-saude\/wp-json\/wp\/v2\/comments?post=29563"}],"version-history":[{"count":6,"href":"https:\/\/vendas.compareplanodesaude.com.br\/sulamerica-saude\/wp-json\/wp\/v2\/pages\/29563\/revisions"}],"predecessor-version":[{"id":98591,"href":"https:\/\/vendas.compareplanodesaude.com.br\/sulamerica-saude\/wp-json\/wp\/v2\/pages\/29563\/revisions\/98591"}],"wp:attachment":[{"href":"https:\/\/vendas.compareplanodesaude.com.br\/sulamerica-saude\/wp-json\/wp\/v2\/media?parent=29563"}],"curies":[{"name":"wp","href":"https:\/\/api.w.org\/{rel}","templated":true}]}}