{"id":548,"date":"2025-07-22T14:49:23","date_gmt":"2025-07-22T17:49:23","guid":{"rendered":"https:\/\/vendas.compareplanodesaude.com.br\/klini-saude\/?page_id=548"},"modified":"2025-07-30T10:07:28","modified_gmt":"2025-07-30T13:07:28","slug":"contato","status":"publish","type":"page","link":"https:\/\/vendas.compareplanodesaude.com.br\/klini-saude\/contato\/","title":{"rendered":"Contato"},"content":{"rendered":"\t\t<div data-elementor-type=\"wp-page\" data-elementor-id=\"548\" class=\"elementor elementor-548\" data-elementor-post-type=\"page\">\n\t\t\t\t<div class=\"elementor-element elementor-element-a3fa94b e-flex e-con-boxed e-con e-parent\" data-id=\"a3fa94b\" data-element_type=\"container\" data-settings=\"{&quot;background_background&quot;:&quot;classic&quot;}\">\n\t\t\t\t\t<div class=\"e-con-inner\">\n\t\t<div class=\"elementor-element elementor-element-a53bbc0 e-con-full e-flex e-con e-child\" data-id=\"a53bbc0\" data-element_type=\"container\">\n\t\t<div class=\"elementor-element elementor-element-55fcd60 e-con-full e-flex e-con e-child\" data-id=\"55fcd60\" data-element_type=\"container\">\n\t\t\t\t<div class=\"elementor-element elementor-element-a3d6399 elementor-widget elementor-widget-heading\" data-id=\"a3d6399\" data-element_type=\"widget\" data-widget_type=\"heading.default\">\n\t\t\t\t<div class=\"elementor-widget-container\">\n\t\t\t\t\t<h2 class=\"elementor-heading-title elementor-size-default\">Contato<\/h2>\t\t\t\t<\/div>\n\t\t\t\t<\/div>\n\t\t\t\t<\/div>\n\t\t<div class=\"elementor-element elementor-element-78da8da e-con-full e-flex e-con e-child\" data-id=\"78da8da\" data-element_type=\"container\">\n\t\t\t\t<div class=\"elementor-element elementor-element-d1f8f41 elementor-widget__width-initial elementor-widget elementor-widget-text-editor\" data-id=\"d1f8f41\" data-element_type=\"widget\" data-widget_type=\"text-editor.default\">\n\t\t\t\t<div class=\"elementor-widget-container\">\n\t\t\t\t\t\t\t\t\t<p>Deixe suas d\u00favidas, sugest\u00f5es,<\/p><p>elogios ou reclama\u00e7\u00f5es.<\/p>\t\t\t\t\t\t\t\t<\/div>\n\t\t\t\t<\/div>\n\t\t\t\t<\/div>\n\t\t<div class=\"elementor-element elementor-element-c22c665 e-con-full e-flex e-con e-child\" data-id=\"c22c665\" data-element_type=\"container\">\n\t\t\t\t<div class=\"elementor-element elementor-element-f8aa9ee elementor-widget elementor-widget-text-editor\" data-id=\"f8aa9ee\" data-element_type=\"widget\" data-widget_type=\"text-editor.default\">\n\t\t\t\t<div class=\"elementor-widget-container\">\n\t\t\t\t\t\t\t\t\t<p>Fale com um de nossos consultores especializados:<\/p><p><a href=\"tel:+551138637901\">(11) 3863-7901<\/a><\/p><p>Consultoria Especializada:<\/p><p><a href=\"https:\/\/api.whatsapp.com\/send?phone=5511964929380&amp;text=\">(11) 96492-9380<\/a><\/p><p>Atendimento 24 horas<\/p>\t\t\t\t\t\t\t\t<\/div>\n\t\t\t\t<\/div>\n\t\t\t\t<\/div>\n\t\t\t\t<\/div>\n\t\t<div class=\"elementor-element elementor-element-87c35b0 e-con-full e-flex e-con e-child\" data-id=\"87c35b0\" data-element_type=\"container\" data-settings=\"{&quot;background_background&quot;:&quot;gradient&quot;}\">\n\t\t\t\t<div class=\"elementor-element elementor-element-a9505f4 elementor-widget elementor-widget-wpforms\" data-id=\"a9505f4\" data-element_type=\"widget\" data-widget_type=\"wpforms.default\">\n\t\t\t\t<div class=\"elementor-widget-container\">\n\t\t\t\t\t<style id=\"wpforms-css-vars-elementor-widget-a9505f4\">\n\t\t\t\t.elementor-widget-wpforms.elementor-element-a9505f4 {\n\t\t\t\t--wpforms-field-text-color: #000000B3;\n--wpforms-label-color: #FFFFFFFC;\n--wpforms-label-sublabel-color: #FFFFFF8C;\n--wpforms-label-error-color: #0D098DCF;\n--wpforms-button-size-font-size: 20px;\n--wpforms-button-size-height: 48px;\n--wpforms-button-size-padding-h: 20px;\n--wpforms-button-size-margin-top: 15px;\n\t\t\t}\n\t\t\t<\/style><div class=\"wpforms-container wpforms-container-full wpforms-render-modern\" id=\"wpforms-550\"><form id=\"wpforms-form-550\" class=\"wpforms-validate wpforms-form\" data-formid=\"550\" method=\"post\" enctype=\"multipart\/form-data\" action=\"\/klini-saude\/wp-json\/wp\/v2\/pages\/548\" data-token=\"fd1fc00bb37d706795180ce010d4bdc2\" data-token-time=\"1775314045\"><div class=\"wpforms-head-container\"><div class=\"wpforms-title\">Fale conosco<\/div><\/div><noscript class=\"wpforms-error-noscript\">Ative o JavaScript no seu navegador para preencher este formul\u00e1rio.<\/noscript><div id=\"wpforms-error-noscript\" style=\"display: none;\">Ative o JavaScript no seu navegador para preencher este formul\u00e1rio.<\/div><div class=\"wpforms-field-container\"><div id=\"wpforms-550-field_10-container\" class=\"wpforms-field wpforms-field-name placeholder-black\" data-field-id=\"10\"><label class=\"wpforms-field-label wpforms-label-hide\" for=\"wpforms-550-field_10\" aria-hidden=\"false\">Nome <span class=\"wpforms-required-label\" aria-hidden=\"true\">*<\/span><\/label><input type=\"text\" id=\"wpforms-550-field_10\" class=\"wpforms-field-large wpforms-field-required\" name=\"wpforms[fields][10]\" placeholder=\"Nome\" aria-errormessage=\"wpforms-550-field_10-error\" required><\/div><div id=\"wpforms-550-field_2-container\" class=\"wpforms-field wpforms-field-email\" data-field-id=\"2\"><label class=\"wpforms-field-label wpforms-label-hide\" for=\"wpforms-550-field_2\" aria-hidden=\"false\">E-mail <span class=\"wpforms-required-label\" aria-hidden=\"true\">*<\/span><\/label><input type=\"email\" id=\"wpforms-550-field_2\" class=\"wpforms-field-large wpforms-field-required\" name=\"wpforms[fields][2]\" placeholder=\"E-mail\" spellcheck=\"false\" aria-errormessage=\"wpforms-550-field_2-error\" required><\/div><div id=\"wpforms-550-field_5-container\" class=\"wpforms-field wpforms-field-text\" data-field-id=\"5\"><label class=\"wpforms-field-label wpforms-label-hide\" for=\"wpforms-550-field_5\" aria-hidden=\"false\">Celular <span class=\"wpforms-required-label\" aria-hidden=\"true\">*<\/span><\/label><input type=\"text\" id=\"wpforms-550-field_5\" class=\"wpforms-field-large wpforms-field-required wpforms-masked-input\" data-rule-inputmask-incomplete=\"1\" data-inputmask-mask=\"((99) 99999-9999[9][9][9]|+99 999999-999[9][9][9])\" name=\"wpforms[fields][5]\" placeholder=\"Celular\" aria-errormessage=\"wpforms-550-field_5-error\" required><\/div><div id=\"wpforms-550-field_6-container\" class=\"wpforms-field wpforms-field-radio formsemcor wpforms-list-inline wpforms-conditional-trigger\" data-field-id=\"6\"><fieldset><legend class=\"wpforms-field-label wpforms-label-hide\" aria-hidden=\"false\">Tipo de Cliente<\/legend><ul id=\"wpforms-550-field_6\" class=\"wpforms-image-choices wpforms-image-choices-modern\"><li class=\"choice-1 depth-1 wpforms-image-choices-item\"><label class=\"wpforms-field-label-inline\" for=\"wpforms-550-field_6_1\" tabindex=\"0\"><span class=\"wpforms-image-choices-image\"><\/span><input type=\"radio\" id=\"wpforms-550-field_6_1\" class=\"wpforms-screen-reader-element\" name=\"wpforms[fields][6]\" value=\"J\u00e1 sou cliente\" aria-errormessage=\"wpforms-550-field_6_1-error\" tabindex=\"-1\"  ><span class=\"wpforms-image-choices-label\">J\u00e1 sou cliente<\/span><\/label><\/li><li class=\"choice-2 depth-1 wpforms-image-choices-item\"><label class=\"wpforms-field-label-inline\" for=\"wpforms-550-field_6_2\" tabindex=\"0\"><span class=\"wpforms-image-choices-image\"><\/span><input type=\"radio\" id=\"wpforms-550-field_6_2\" class=\"wpforms-screen-reader-element\" name=\"wpforms[fields][6]\" value=\"N\u00e3o sou cliente\" aria-errormessage=\"wpforms-550-field_6_2-error\" tabindex=\"-1\"  ><span class=\"wpforms-image-choices-label\">N\u00e3o sou cliente<\/span><\/label><\/li><\/ul><\/fieldset><\/div><div id=\"wpforms-550-field_7-container\" class=\"wpforms-field wpforms-field-html wpforms-conditional-field wpforms-conditional-show\" data-field-id=\"7\" style=\"display:none;\"><div id=\"wpforms-550-field_7\" aria-errormessage=\"wpforms-550-field_7-error\">Movimenta\u00e7\u00e3o Cadastral\r\n\r\nInclus\u00e3o e exclus\u00e3o de dependentes, altera\u00e7\u00e3o de dados, entre outros servi\u00e7os. \r\n3004-1000 Capitais e regi\u00f5es metropolitanas. \r\n0800-706-2363 Demais localidades.\r\n \r\n \r\n\t\t\t\t\r\nSegunda Via de boleto\r\n\r\n3004-1000 Capitais e regi\u00f5es metropolitanas. \r\n0800-706-2363 Demais localidades.\r\n \r\n \r\n\t\t\t\t\r\nAgendamento\r\n\r\n3004-1000 Capitais e regi\u00f5es metropolitanas. \r\n0800-706-2363 Demais localidades.\r\n \r\n \r\n\t\t\t\t\r\n\t\t\t\t\r\nOutros\r\n\r\n3004-1000 Capitais e regi\u00f5es metropolitanas. \r\n0800-706-2363 Demais localidades.<\/div><\/div><div id=\"wpforms-550-field_8-container\" class=\"wpforms-field wpforms-field-html wpforms-conditional-field wpforms-conditional-show\" data-field-id=\"8\" style=\"display:none;\"><div id=\"wpforms-550-field_8\" aria-errormessage=\"wpforms-550-field_8-error\">Cota\u00e7\u00e3o\r\n\r\nSolicite uma cota\u00e7\u00e3o online e um de nossos consultores entrar\u00e1 em contato.\r\n \r\n \r\n\t\t\t\t\r\nCarta de Perman\u00eancia\r\n\r\nPara solicitar sua carta de perman\u00eancia entre em contato atrav\u00e9s dos n\u00fameros: \r\n(11) 3863-7906\r\n(11) 99466-9922\r\n \r\n \r\n\t\t\t\t\r\n\t\t\t\t\r\nOutros\r\n\r\nPara outras solicita\u00e7\u00f5es entre em contato:  \r\n(11) 3863-7906\r\n(11) 99466-9922<\/div><\/div><div id=\"wpforms-550-field_9-container\" class=\"wpforms-field wpforms-field-textarea\" data-field-id=\"9\"><label class=\"wpforms-field-label wpforms-label-hide\" for=\"wpforms-550-field_9\" aria-hidden=\"false\">Mensagem<\/label><textarea id=\"wpforms-550-field_9\" class=\"wpforms-field-medium\" name=\"wpforms[fields][9]\" placeholder=\"Digite aqui sua mensagem...\" aria-errormessage=\"wpforms-550-field_9-error\" ><\/textarea><\/div><\/div><!-- .wpforms-field-container --><div class=\"wpforms-submit-container\" ><input type=\"hidden\" name=\"wpforms[id]\" value=\"550\"><input type=\"hidden\" name=\"page_title\" value=\"\"><input type=\"hidden\" name=\"page_url\" value=\"https:\/\/vendas.compareplanodesaude.com.br\/klini-saude\/wp-json\/wp\/v2\/pages\/548\"><input type=\"hidden\" name=\"url_referer\" value=\"\"><button type=\"submit\" name=\"wpforms[submit]\" id=\"wpforms-submit-550\" class=\"wpforms-submit\" data-alt-text=\"ENVIANDO\" data-submit-text=\"ENVIAR\" aria-live=\"assertive\" value=\"wpforms-submit\">ENVIAR<\/button><\/div><\/form><\/div>  <!-- .wpforms-container -->\t\t\t\t<\/div>\n\t\t\t\t<\/div>\n\t\t\t\t<\/div>\n\t\t\t\t\t<\/div>\n\t\t\t\t<\/div>\n\t\t\t\t<\/div>\n\t\t","protected":false},"excerpt":{"rendered":"<p>Contato Deixe suas d\u00favidas, sugest\u00f5es, elogios ou reclama\u00e7\u00f5es. Fale com um de nossos consultores especializados: (11) 3863-7901 Consultoria Especializada: (11) 96492-9380 Atendimento 24 horas Fale conoscoAtive o JavaScript no seu navegador para preencher este formul\u00e1rio.Ative o JavaScript no seu navegador para preencher este formul\u00e1rio.Nome *E-mail *Celular * Tipo de Cliente J\u00e1 sou cliente N\u00e3o sou [&hellip;]<\/p>\n","protected":false},"author":29,"featured_media":0,"parent":0,"menu_order":0,"comment_status":"closed","ping_status":"closed","template":"","meta":{"_monsterinsights_skip_tracking":false,"_monsterinsights_sitenote_active":false,"_monsterinsights_sitenote_note":"","_monsterinsights_sitenote_category":0,"footnotes":""},"class_list":["post-548","page","type-page","status-publish","hentry"],"yoast_head":"<!-- This site is optimized with the Yoast SEO plugin v26.3 - https:\/\/yoast.com\/wordpress\/plugins\/seo\/ -->\n<title>Contato - Klini Saude<\/title>\n<meta name=\"robots\" content=\"index, follow, max-snippet:-1, max-image-preview:large, max-video-preview:-1\" \/>\n<link rel=\"canonical\" href=\"https:\/\/vendas.compareplanodesaude.com.br\/klini-saude\/contato\/\" \/>\n<meta property=\"og:locale\" content=\"pt_BR\" \/>\n<meta property=\"og:type\" content=\"article\" \/>\n<meta property=\"og:title\" content=\"Contato - Klini Saude\" \/>\n<meta property=\"og:description\" content=\"Contato Deixe suas d\u00favidas, sugest\u00f5es, elogios ou reclama\u00e7\u00f5es. Fale com um de nossos consultores especializados: (11) 3863-7901 Consultoria Especializada: (11) 96492-9380 Atendimento 24 horas Fale conoscoAtive o JavaScript no seu navegador para preencher este formul\u00e1rio.Ative o JavaScript no seu navegador para preencher este formul\u00e1rio.Nome *E-mail *Celular * Tipo de Cliente J\u00e1 sou cliente N\u00e3o sou [&hellip;]\" \/>\n<meta property=\"og:url\" content=\"https:\/\/vendas.compareplanodesaude.com.br\/klini-saude\/contato\/\" \/>\n<meta property=\"og:site_name\" content=\"Klini Saude\" \/>\n<meta property=\"article:modified_time\" content=\"2025-07-30T13:07:28+00:00\" \/>\n<meta name=\"twitter:card\" content=\"summary_large_image\" \/>\n<meta name=\"twitter:label1\" content=\"Est. tempo de leitura\" \/>\n\t<meta name=\"twitter:data1\" content=\"1 minuto\" \/>\n<script type=\"application\/ld+json\" class=\"yoast-schema-graph\">{\"@context\":\"https:\/\/schema.org\",\"@graph\":[{\"@type\":\"WebPage\",\"@id\":\"https:\/\/vendas.compareplanodesaude.com.br\/klini-saude\/contato\/\",\"url\":\"https:\/\/vendas.compareplanodesaude.com.br\/klini-saude\/contato\/\",\"name\":\"Contato - Klini Saude\",\"isPartOf\":{\"@id\":\"https:\/\/vendas.compareplanodesaude.com.br\/klini-saude\/#website\"},\"datePublished\":\"2025-07-22T17:49:23+00:00\",\"dateModified\":\"2025-07-30T13:07:28+00:00\",\"breadcrumb\":{\"@id\":\"https:\/\/vendas.compareplanodesaude.com.br\/klini-saude\/contato\/#breadcrumb\"},\"inLanguage\":\"pt-BR\",\"potentialAction\":[{\"@type\":\"ReadAction\",\"target\":[\"https:\/\/vendas.compareplanodesaude.com.br\/klini-saude\/contato\/\"]}]},{\"@type\":\"BreadcrumbList\",\"@id\":\"https:\/\/vendas.compareplanodesaude.com.br\/klini-saude\/contato\/#breadcrumb\",\"itemListElement\":[{\"@type\":\"ListItem\",\"position\":1,\"name\":\"In\u00edcio\",\"item\":\"https:\/\/vendas.compareplanodesaude.com.br\/klini-saude\/\"},{\"@type\":\"ListItem\",\"position\":2,\"name\":\"Contato\"}]},{\"@type\":\"WebSite\",\"@id\":\"https:\/\/vendas.compareplanodesaude.com.br\/klini-saude\/#website\",\"url\":\"https:\/\/vendas.compareplanodesaude.com.br\/klini-saude\/\",\"name\":\"Klini Saude\",\"description\":\"\",\"publisher\":{\"@id\":\"https:\/\/vendas.compareplanodesaude.com.br\/klini-saude\/#organization\"},\"potentialAction\":[{\"@type\":\"SearchAction\",\"target\":{\"@type\":\"EntryPoint\",\"urlTemplate\":\"https:\/\/vendas.compareplanodesaude.com.br\/klini-saude\/?s={search_term_string}\"},\"query-input\":{\"@type\":\"PropertyValueSpecification\",\"valueRequired\":true,\"valueName\":\"search_term_string\"}}],\"inLanguage\":\"pt-BR\"},{\"@type\":\"Organization\",\"@id\":\"https:\/\/vendas.compareplanodesaude.com.br\/klini-saude\/#organization\",\"name\":\"Klini Saude\",\"url\":\"https:\/\/vendas.compareplanodesaude.com.br\/klini-saude\/\",\"logo\":{\"@type\":\"ImageObject\",\"inLanguage\":\"pt-BR\",\"@id\":\"https:\/\/vendas.compareplanodesaude.com.br\/klini-saude\/#\/schema\/logo\/image\/\",\"url\":\"https:\/\/vendas.compareplanodesaude.com.br\/klini-saude\/wp-content\/uploads\/sites\/22\/2025\/07\/cropped-logo-header-1.webp\",\"contentUrl\":\"https:\/\/vendas.compareplanodesaude.com.br\/klini-saude\/wp-content\/uploads\/sites\/22\/2025\/07\/cropped-logo-header-1.webp\",\"width\":214,\"height\":117,\"caption\":\"Klini Saude\"},\"image\":{\"@id\":\"https:\/\/vendas.compareplanodesaude.com.br\/klini-saude\/#\/schema\/logo\/image\/\"}}]}<\/script>\n<!-- \/ Yoast SEO plugin. -->","yoast_head_json":{"title":"Contato - Klini Saude","robots":{"index":"index","follow":"follow","max-snippet":"max-snippet:-1","max-image-preview":"max-image-preview:large","max-video-preview":"max-video-preview:-1"},"canonical":"https:\/\/vendas.compareplanodesaude.com.br\/klini-saude\/contato\/","og_locale":"pt_BR","og_type":"article","og_title":"Contato - Klini Saude","og_description":"Contato Deixe suas d\u00favidas, sugest\u00f5es, elogios ou reclama\u00e7\u00f5es. Fale com um de nossos consultores especializados: (11) 3863-7901 Consultoria Especializada: (11) 96492-9380 Atendimento 24 horas Fale conoscoAtive o JavaScript no seu navegador para preencher este formul\u00e1rio.Ative o JavaScript no seu navegador para preencher este formul\u00e1rio.Nome *E-mail *Celular * Tipo de Cliente J\u00e1 sou cliente N\u00e3o sou [&hellip;]","og_url":"https:\/\/vendas.compareplanodesaude.com.br\/klini-saude\/contato\/","og_site_name":"Klini Saude","article_modified_time":"2025-07-30T13:07:28+00:00","twitter_card":"summary_large_image","twitter_misc":{"Est. tempo de leitura":"1 minuto"},"schema":{"@context":"https:\/\/schema.org","@graph":[{"@type":"WebPage","@id":"https:\/\/vendas.compareplanodesaude.com.br\/klini-saude\/contato\/","url":"https:\/\/vendas.compareplanodesaude.com.br\/klini-saude\/contato\/","name":"Contato - Klini Saude","isPartOf":{"@id":"https:\/\/vendas.compareplanodesaude.com.br\/klini-saude\/#website"},"datePublished":"2025-07-22T17:49:23+00:00","dateModified":"2025-07-30T13:07:28+00:00","breadcrumb":{"@id":"https:\/\/vendas.compareplanodesaude.com.br\/klini-saude\/contato\/#breadcrumb"},"inLanguage":"pt-BR","potentialAction":[{"@type":"ReadAction","target":["https:\/\/vendas.compareplanodesaude.com.br\/klini-saude\/contato\/"]}]},{"@type":"BreadcrumbList","@id":"https:\/\/vendas.compareplanodesaude.com.br\/klini-saude\/contato\/#breadcrumb","itemListElement":[{"@type":"ListItem","position":1,"name":"In\u00edcio","item":"https:\/\/vendas.compareplanodesaude.com.br\/klini-saude\/"},{"@type":"ListItem","position":2,"name":"Contato"}]},{"@type":"WebSite","@id":"https:\/\/vendas.compareplanodesaude.com.br\/klini-saude\/#website","url":"https:\/\/vendas.compareplanodesaude.com.br\/klini-saude\/","name":"Klini Saude","description":"","publisher":{"@id":"https:\/\/vendas.compareplanodesaude.com.br\/klini-saude\/#organization"},"potentialAction":[{"@type":"SearchAction","target":{"@type":"EntryPoint","urlTemplate":"https:\/\/vendas.compareplanodesaude.com.br\/klini-saude\/?s={search_term_string}"},"query-input":{"@type":"PropertyValueSpecification","valueRequired":true,"valueName":"search_term_string"}}],"inLanguage":"pt-BR"},{"@type":"Organization","@id":"https:\/\/vendas.compareplanodesaude.com.br\/klini-saude\/#organization","name":"Klini Saude","url":"https:\/\/vendas.compareplanodesaude.com.br\/klini-saude\/","logo":{"@type":"ImageObject","inLanguage":"pt-BR","@id":"https:\/\/vendas.compareplanodesaude.com.br\/klini-saude\/#\/schema\/logo\/image\/","url":"https:\/\/vendas.compareplanodesaude.com.br\/klini-saude\/wp-content\/uploads\/sites\/22\/2025\/07\/cropped-logo-header-1.webp","contentUrl":"https:\/\/vendas.compareplanodesaude.com.br\/klini-saude\/wp-content\/uploads\/sites\/22\/2025\/07\/cropped-logo-header-1.webp","width":214,"height":117,"caption":"Klini Saude"},"image":{"@id":"https:\/\/vendas.compareplanodesaude.com.br\/klini-saude\/#\/schema\/logo\/image\/"}}]}},"_links":{"self":[{"href":"https:\/\/vendas.compareplanodesaude.com.br\/klini-saude\/wp-json\/wp\/v2\/pages\/548","targetHints":{"allow":["GET"]}}],"collection":[{"href":"https:\/\/vendas.compareplanodesaude.com.br\/klini-saude\/wp-json\/wp\/v2\/pages"}],"about":[{"href":"https:\/\/vendas.compareplanodesaude.com.br\/klini-saude\/wp-json\/wp\/v2\/types\/page"}],"author":[{"embeddable":true,"href":"https:\/\/vendas.compareplanodesaude.com.br\/klini-saude\/wp-json\/wp\/v2\/users\/29"}],"replies":[{"embeddable":true,"href":"https:\/\/vendas.compareplanodesaude.com.br\/klini-saude\/wp-json\/wp\/v2\/comments?post=548"}],"version-history":[{"count":37,"href":"https:\/\/vendas.compareplanodesaude.com.br\/klini-saude\/wp-json\/wp\/v2\/pages\/548\/revisions"}],"predecessor-version":[{"id":835,"href":"https:\/\/vendas.compareplanodesaude.com.br\/klini-saude\/wp-json\/wp\/v2\/pages\/548\/revisions\/835"}],"wp:attachment":[{"href":"https:\/\/vendas.compareplanodesaude.com.br\/klini-saude\/wp-json\/wp\/v2\/media?parent=548"}],"curies":[{"name":"wp","href":"https:\/\/api.w.org\/{rel}","templated":true}]}}