{"id":68598,"date":"2021-06-14T19:28:07","date_gmt":"2021-06-14T19:28:07","guid":{"rendered":"https:\/\/bradescosaude.planodesaudeempresarial24h.com.br\/?page_id=68598"},"modified":"2025-11-17T12:31:43","modified_gmt":"2025-11-17T15:31:43","slug":"contato","status":"publish","type":"page","link":"https:\/\/vendas.compareplanodesaude.com.br\/bradesco-saude\/contato\/","title":{"rendered":"Contato"},"content":{"rendered":"\t\t<div data-elementor-type=\"wp-page\" data-elementor-id=\"68598\" class=\"elementor elementor-68598\" data-elementor-post-type=\"page\">\n\t\t\t\t\t\t<section class=\"elementor-section elementor-top-section elementor-element elementor-element-51d49178 elementor-section-boxed elementor-section-height-default elementor-section-height-default\" data-id=\"51d49178\" data-element_type=\"section\" data-settings=\"{&quot;background_background&quot;:&quot;classic&quot;}\">\n\t\t\t\t\t\t\t<div class=\"elementor-background-overlay\"><\/div>\n\t\t\t\t\t\t\t<div class=\"elementor-container elementor-column-gap-default\">\n\t\t\t\t\t<div class=\"elementor-column elementor-col-50 elementor-top-column elementor-element elementor-element-53fffb8c\" data-id=\"53fffb8c\" data-element_type=\"column\">\n\t\t\t<div class=\"elementor-widget-wrap elementor-element-populated\">\n\t\t\t\t\t\t<div class=\"elementor-element elementor-element-63b9e533 elementor-widget elementor-widget-heading\" data-id=\"63b9e533\" data-element_type=\"widget\" data-widget_type=\"heading.default\">\n\t\t\t\t<div class=\"elementor-widget-container\">\n\t\t\t\t\t<h2 class=\"elementor-heading-title elementor-size-default\">Contato<\/h2>\t\t\t\t<\/div>\n\t\t\t\t<\/div>\n\t\t\t\t<div class=\"elementor-element elementor-element-294b514b elementor-widget elementor-widget-text-editor\" data-id=\"294b514b\" data-element_type=\"widget\" data-widget_type=\"text-editor.default\">\n\t\t\t\t<div class=\"elementor-widget-container\">\n\t\t\t\t\t\t\t\t\t<p>Deixe suas d\u00favidas, sugest\u00f5es,elogios ou reclama\u00e7\u00f5es.<\/p>\t\t\t\t\t\t\t\t<\/div>\n\t\t\t\t<\/div>\n\t\t\t\t<div class=\"elementor-element elementor-element-570df985 elementor-widget-divider--view-line elementor-widget elementor-widget-divider\" data-id=\"570df985\" data-element_type=\"widget\" data-widget_type=\"divider.default\">\n\t\t\t\t<div class=\"elementor-widget-container\">\n\t\t\t\t\t\t\t<div class=\"elementor-divider\">\n\t\t\t<span class=\"elementor-divider-separator\">\n\t\t\t\t\t\t<\/span>\n\t\t<\/div>\n\t\t\t\t\t\t<\/div>\n\t\t\t\t<\/div>\n\t\t\t\t<div class=\"elementor-element elementor-element-41225b65 elementor-widget elementor-widget-text-editor\" data-id=\"41225b65\" data-element_type=\"widget\" data-widget_type=\"text-editor.default\">\n\t\t\t\t<div class=\"elementor-widget-container\">\n\t\t\t\t\t\t\t\t\t<p>Fale com um dos nossos especialistas<\/p>\n<p><a href=\"tel:+551138637901\" style=\"color: #de0024;\">(11) 3863-7901<\/a><\/p>\n<p>Consultoria Especializada<\/p>\n<p><a href=\"https:\/\/api.whatsapp.com\/send?phone=551138637900&#038;text=Ol%C3%A1,%20gostaria%20de%20uma%20cota%C3%A7%C3%A3o%20do%20plano%20de%20sa%C3%BAde%20da%20Bradesco!\" style=\"color: #de0024;\">(11) 3863-7900<\/a><\/p>\n<p>Atendimento 24 horas<\/p>\t\t\t\t\t\t\t\t<\/div>\n\t\t\t\t<\/div>\n\t\t\t\t\t<\/div>\n\t\t<\/div>\n\t\t\t\t<div class=\"elementor-column elementor-col-50 elementor-top-column elementor-element elementor-element-641831dc\" data-id=\"641831dc\" data-element_type=\"column\">\n\t\t\t<div class=\"elementor-widget-wrap elementor-element-populated\">\n\t\t\t\t\t\t<div class=\"elementor-element elementor-element-8fb5923 desconto-form elementor-widget elementor-widget-wpforms\" data-id=\"8fb5923\" data-element_type=\"widget\" data-widget_type=\"wpforms.default\">\n\t\t\t\t<div class=\"elementor-widget-container\">\n\t\t\t\t\t<div class=\"wpforms-container wpforms-container-full wpforms-form-abandonment wpforms-render-modern\" id=\"wpforms-118940\"><form id=\"wpforms-form-118940\" class=\"wpforms-validate wpforms-form\" data-formid=\"118940\" method=\"post\" enctype=\"multipart\/form-data\" action=\"\/bradesco-saude\/wp-json\/wp\/v2\/pages\/68598\" data-token=\"3fbe2ca709dc5a2f4fdade24aafed8dc\" data-token-time=\"1777464928\"><div class=\"wpforms-head-container\"><div class=\"wpforms-title\">Fale conosco<\/div><\/div><noscript class=\"wpforms-error-noscript\">Ative o JavaScript no seu navegador para preencher este formul\u00e1rio.<\/noscript><div id=\"wpforms-error-noscript\" style=\"display: none;\">Ative o JavaScript no seu navegador para preencher este formul\u00e1rio.<\/div><div class=\"wpforms-field-container\"><div id=\"wpforms-118940-field_30-container\" class=\"wpforms-field wpforms-field-hidden campo_gclid_js\" data-field-id=\"30\"><input type=\"hidden\" id=\"wpforms-118940-field_30\" name=\"wpforms[fields][30]\"><\/div><div id=\"wpforms-118940-field_31-container\" class=\"wpforms-field wpforms-field-hidden utm_campaign_js\" data-field-id=\"31\"><input type=\"hidden\" id=\"wpforms-118940-field_31\" name=\"wpforms[fields][31]\"><\/div><div id=\"wpforms-118940-field_32-container\" class=\"wpforms-field wpforms-field-hidden utm_term_js\" data-field-id=\"32\"><input type=\"hidden\" id=\"wpforms-118940-field_32\" name=\"wpforms[fields][32]\"><\/div><div id=\"wpforms-118940-field_15-container\" class=\"wpforms-field wpforms-field-name placeholder-black\" data-field-id=\"15\"><label class=\"wpforms-field-label wpforms-label-hide\" for=\"wpforms-118940-field_15\" aria-hidden=\"false\">Nome <span class=\"wpforms-required-label\" aria-hidden=\"true\">*<\/span><\/label><input type=\"text\" id=\"wpforms-118940-field_15\" class=\"wpforms-field-large wpforms-field-required\" name=\"wpforms[fields][15]\" placeholder=\"Nome\" aria-errormessage=\"wpforms-118940-field_15-error\" required><\/div><div id=\"wpforms-118940-field_19-container\" class=\"wpforms-field wpforms-field-email\" data-field-id=\"19\"><label class=\"wpforms-field-label wpforms-label-hide\" for=\"wpforms-118940-field_19\" aria-hidden=\"false\">E-mail <span class=\"wpforms-required-label\" aria-hidden=\"true\">*<\/span><\/label><input type=\"email\" id=\"wpforms-118940-field_19\" class=\"wpforms-field-large wpforms-field-required\" name=\"wpforms[fields][19]\" placeholder=\"E-mail\" spellcheck=\"false\" aria-errormessage=\"wpforms-118940-field_19-error\" required><\/div><div id=\"wpforms-118940-field_25-container\" class=\"wpforms-field wpforms-field-text\" data-field-id=\"25\"><label class=\"wpforms-field-label wpforms-label-hide\" for=\"wpforms-118940-field_25\" aria-hidden=\"false\">Celular <span class=\"wpforms-required-label\" aria-hidden=\"true\">*<\/span><\/label><input type=\"text\" id=\"wpforms-118940-field_25\" class=\"wpforms-field-large wpforms-field-required wpforms-masked-input\" data-rule-inputmask-incomplete=\"1\" data-inputmask-mask=\"((99) 9999-9999[9][9][9]|+99 999999-999[9][9][9])\" name=\"wpforms[fields][25]\" placeholder=\"Celular\" aria-errormessage=\"wpforms-118940-field_25-error\" required><\/div><div id=\"wpforms-118940-field_21-container\" class=\"wpforms-field wpforms-field-radio formsemcor wpforms-list-inline wpforms-conditional-trigger\" data-field-id=\"21\"><fieldset><legend class=\"wpforms-field-label wpforms-label-hide\" aria-hidden=\"false\">Tipo de cliente<\/legend><ul id=\"wpforms-118940-field_21\" class=\"wpforms-image-choices wpforms-image-choices-modern\"><li class=\"choice-1 depth-1 wpforms-image-choices-item\"><label class=\"wpforms-field-label-inline\" for=\"wpforms-118940-field_21_1\" tabindex=\"0\"><span class=\"wpforms-image-choices-image\"><\/span><input type=\"radio\" id=\"wpforms-118940-field_21_1\" class=\"wpforms-screen-reader-element\" name=\"wpforms[fields][21]\" value=\"J\u00e1 sou cliente\" aria-errormessage=\"wpforms-118940-field_21_1-error\" tabindex=\"-1\"  ><span class=\"wpforms-image-choices-label\">J\u00e1 sou cliente<\/span><\/label><\/li><li class=\"choice-2 depth-1 wpforms-image-choices-item\"><label class=\"wpforms-field-label-inline\" for=\"wpforms-118940-field_21_2\" tabindex=\"0\"><span class=\"wpforms-image-choices-image\"><\/span><input type=\"radio\" id=\"wpforms-118940-field_21_2\" class=\"wpforms-screen-reader-element\" name=\"wpforms[fields][21]\" value=\"N\u00e3o sou cliente\" aria-errormessage=\"wpforms-118940-field_21_2-error\" tabindex=\"-1\"  ><span class=\"wpforms-image-choices-label\">N\u00e3o sou cliente<\/span><\/label><\/li><\/ul><\/fieldset><\/div><div id=\"wpforms-118940-field_22-container\" class=\"wpforms-field wpforms-field-html acordform wpforms-conditional-field wpforms-conditional-show\" data-field-id=\"22\" style=\"display:none;\"><div id=\"wpforms-118940-field_22\" aria-errormessage=\"wpforms-118940-field_22-error\">\r\n\t\t\t\t\t\t\t\r\n\r\n\t\t\t\t\t\t\t\r\n\r\n\t\t\t\t\t\t\t\r\nMovimenta\u00e7\u00e3o Cadastral\r\n\r\nInclus\u00e3o e exclus\u00e3o de dependentes, altera\u00e7\u00e3o de dados, entre outros servi\u00e7os. \r\n4004 - 2700 Capitais e regi\u00f5es metropolitanas. 0800 701 2700 Demais localidades.\r\n \r\n \r\n\t\t\t\t\r\n Segunda Via de boleto\r\n\r\n 4004 - 2700 Capitais e regi\u00f5es metropolitanas. \r\n0800 701 2700 Demais localidade. \r\n \r\n \r\n\t\t\t\t\r\nAgendamento\r\n\r\n 4004 - 2700 Capitais e regi\u00f5es metropolitanas. \r\n0800 701 2700 Demais localidades. \r\n \r\n \r\n\t\t\t\t\r\nOutros\r\n\r\n 4004 - 2700 Capitais e regi\u00f5es metropolitanas. \r\n0800 701 2700 Demais localidades. \r\n \r\n\r\n \r\n \r\n<\/div><\/div><div id=\"wpforms-118940-field_23-container\" class=\"wpforms-field wpforms-field-html acordform wpforms-conditional-field wpforms-conditional-show\" data-field-id=\"23\" style=\"display:none;\"><div id=\"wpforms-118940-field_23\" aria-errormessage=\"wpforms-118940-field_23-error\">\r\n\t\t\t\t\t\t\t\r\n\r\n\t\t\t\t\t\t\t\r\n\r\n\t\t\t\t\t\t\t\r\nCota\u00e7\u00e3o\r\n\r\nSolicite uma cota\u00e7\u00e3o online e um de nossos consultores entrar\u00e1 em contato.\r\n \r\n \r\n\t\t\t\t\r\n\t\t\t\t\r\nCarta de Perman\u00eancia\r\n\r\nPara solicitar sua carta de perman\u00eancia entre em contato atrav\u00e9s dos n\u00fameros: \r\n(11) 3863-7900 \r\n(11) 3863-7900 \r\n \r\n \r\n\t\t\t\t\r\nOutros\r\n\r\nPara outras solicita\u00e7\u00f5es entre em contato: (11) 3863-7900 \r\n(11) 3863-7900 \r\n \r\n\t\t\t\t\r\n \r\n \r\n<\/div><\/div><div id=\"wpforms-118940-field_20-container\" class=\"wpforms-field wpforms-field-textarea\" data-field-id=\"20\"><label class=\"wpforms-field-label wpforms-label-hide\" for=\"wpforms-118940-field_20\" aria-hidden=\"false\">Mensagem<\/label><textarea id=\"wpforms-118940-field_20\" class=\"wpforms-field-medium\" name=\"wpforms[fields][20]\" placeholder=\"Digite Aqui\" aria-errormessage=\"wpforms-118940-field_20-error\" ><\/textarea><\/div><\/div><!-- .wpforms-field-container --><div class=\"wpforms-submit-container\" ><input type=\"hidden\" name=\"wpforms[id]\" value=\"118940\"><input type=\"hidden\" name=\"page_title\" value=\"\"><input type=\"hidden\" name=\"page_url\" value=\"https:\/\/vendas.compareplanodesaude.com.br\/bradesco-saude\/wp-json\/wp\/v2\/pages\/68598\"><input type=\"hidden\" name=\"url_referer\" value=\"\"><button type=\"submit\" name=\"wpforms[submit]\" id=\"wpforms-submit-118940\" class=\"wpforms-submit\" data-alt-text=\"ENVIANDO\" data-submit-text=\"ENVIAR\" aria-live=\"assertive\" value=\"wpforms-submit\">ENVIAR<\/button><\/div><\/form><\/div>  <!-- .wpforms-container -->\t\t\t\t<\/div>\n\t\t\t\t<\/div>\n\t\t\t\t\t<\/div>\n\t\t<\/div>\n\t\t\t\t\t<\/div>\n\t\t<\/section>\n\t\t\t\t<\/div>\n\t\t","protected":false},"excerpt":{"rendered":"<p>Contato Deixe suas d\u00favidas, sugest\u00f5es,elogios ou reclama\u00e7\u00f5es. Fale com um dos nossos especialistas (11) 3863-7901 Consultoria Especializada (11) 3863-7900 Atendimento 24 horas Fale conoscoAtive o JavaScript no seu navegador para preencher este formul\u00e1rio.Ative o JavaScript no seu navegador para preencher este formul\u00e1rio.Nome *E-mail *Celular * Tipo de cliente J\u00e1 sou cliente N\u00e3o sou cliente Movimenta\u00e7\u00e3o [&hellip;]<\/p>\n","protected":false},"author":1,"featured_media":0,"parent":0,"menu_order":0,"comment_status":"closed","ping_status":"closed","template":"","meta":{"_monsterinsights_skip_tracking":false,"_monsterinsights_sitenote_active":false,"_monsterinsights_sitenote_note":"","_monsterinsights_sitenote_category":0,"footnotes":""},"class_list":["post-68598","page","type-page","status-publish","hentry"],"yoast_head":"<!-- This site is optimized with the Yoast SEO plugin v26.3 - https:\/\/yoast.com\/wordpress\/plugins\/seo\/ -->\n<title>Contato - Bradesco Sa\u00fade<\/title>\n<meta name=\"robots\" content=\"index, follow, max-snippet:-1, max-image-preview:large, max-video-preview:-1\" \/>\n<link rel=\"canonical\" href=\"https:\/\/vendas.compareplanodesaude.com.br\/bradesco-saude\/contato\/\" \/>\n<meta property=\"og:locale\" content=\"pt_BR\" \/>\n<meta property=\"og:type\" content=\"article\" \/>\n<meta property=\"og:title\" content=\"Contato - Bradesco Sa\u00fade\" \/>\n<meta property=\"og:description\" content=\"Contato Deixe suas d\u00favidas, sugest\u00f5es,elogios ou reclama\u00e7\u00f5es. Fale com um dos nossos especialistas (11) 3863-7901 Consultoria Especializada (11) 3863-7900 Atendimento 24 horas Fale conoscoAtive o JavaScript no seu navegador para preencher este formul\u00e1rio.Ative o JavaScript no seu navegador para preencher este formul\u00e1rio.Nome *E-mail *Celular * Tipo de cliente J\u00e1 sou cliente N\u00e3o sou cliente Movimenta\u00e7\u00e3o [&hellip;]\" \/>\n<meta property=\"og:url\" content=\"https:\/\/vendas.compareplanodesaude.com.br\/bradesco-saude\/contato\/\" \/>\n<meta property=\"og:site_name\" content=\"Bradesco Sa\u00fade\" \/>\n<meta property=\"article:modified_time\" content=\"2025-11-17T15:31:43+00:00\" \/>\n<meta name=\"twitter:card\" content=\"summary_large_image\" \/>\n<meta name=\"twitter:label1\" content=\"Est. tempo de leitura\" \/>\n\t<meta name=\"twitter:data1\" content=\"1 minuto\" \/>\n<script type=\"application\/ld+json\" class=\"yoast-schema-graph\">{\"@context\":\"https:\/\/schema.org\",\"@graph\":[{\"@type\":\"WebPage\",\"@id\":\"https:\/\/vendas.compareplanodesaude.com.br\/bradesco-saude\/contato\/\",\"url\":\"https:\/\/vendas.compareplanodesaude.com.br\/bradesco-saude\/contato\/\",\"name\":\"Contato - Bradesco Sa\u00fade\",\"isPartOf\":{\"@id\":\"https:\/\/vendas.compareplanodesaude.com.br\/bradesco-saude\/#website\"},\"datePublished\":\"2021-06-14T19:28:07+00:00\",\"dateModified\":\"2025-11-17T15:31:43+00:00\",\"breadcrumb\":{\"@id\":\"https:\/\/vendas.compareplanodesaude.com.br\/bradesco-saude\/contato\/#breadcrumb\"},\"inLanguage\":\"pt-BR\",\"potentialAction\":[{\"@type\":\"ReadAction\",\"target\":[\"https:\/\/vendas.compareplanodesaude.com.br\/bradesco-saude\/contato\/\"]}]},{\"@type\":\"BreadcrumbList\",\"@id\":\"https:\/\/vendas.compareplanodesaude.com.br\/bradesco-saude\/contato\/#breadcrumb\",\"itemListElement\":[{\"@type\":\"ListItem\",\"position\":1,\"name\":\"In\u00edcio\",\"item\":\"https:\/\/vendas.compareplanodesaude.com.br\/bradesco-saude\/\"},{\"@type\":\"ListItem\",\"position\":2,\"name\":\"Contato\"}]},{\"@type\":\"WebSite\",\"@id\":\"https:\/\/vendas.compareplanodesaude.com.br\/bradesco-saude\/#website\",\"url\":\"https:\/\/vendas.compareplanodesaude.com.br\/bradesco-saude\/\",\"name\":\"Bradesco Sa\u00fade\",\"description\":\"\",\"publisher\":{\"@id\":\"https:\/\/vendas.compareplanodesaude.com.br\/bradesco-saude\/#organization\"},\"potentialAction\":[{\"@type\":\"SearchAction\",\"target\":{\"@type\":\"EntryPoint\",\"urlTemplate\":\"https:\/\/vendas.compareplanodesaude.com.br\/bradesco-saude\/?s={search_term_string}\"},\"query-input\":{\"@type\":\"PropertyValueSpecification\",\"valueRequired\":true,\"valueName\":\"search_term_string\"}}],\"inLanguage\":\"pt-BR\"},{\"@type\":\"Organization\",\"@id\":\"https:\/\/vendas.compareplanodesaude.com.br\/bradesco-saude\/#organization\",\"name\":\"Bradesco Sa\u00fade\",\"url\":\"https:\/\/vendas.compareplanodesaude.com.br\/bradesco-saude\/\",\"logo\":{\"@type\":\"ImageObject\",\"inLanguage\":\"pt-BR\",\"@id\":\"https:\/\/vendas.compareplanodesaude.com.br\/bradesco-saude\/#\/schema\/logo\/image\/\",\"url\":\"https:\/\/vendas.compareplanodesaude.com.br\/bradesco-saude\/wp-content\/uploads\/sites\/25\/2025\/09\/cropped-bradescoSaudeLogo.webp\",\"contentUrl\":\"https:\/\/vendas.compareplanodesaude.com.br\/bradesco-saude\/wp-content\/uploads\/sites\/25\/2025\/09\/cropped-bradescoSaudeLogo.webp\",\"width\":405,\"height\":152,\"caption\":\"Bradesco Sa\u00fade\"},\"image\":{\"@id\":\"https:\/\/vendas.compareplanodesaude.com.br\/bradesco-saude\/#\/schema\/logo\/image\/\"}}]}<\/script>\n<!-- \/ Yoast SEO plugin. -->","yoast_head_json":{"title":"Contato - Bradesco Sa\u00fade","robots":{"index":"index","follow":"follow","max-snippet":"max-snippet:-1","max-image-preview":"max-image-preview:large","max-video-preview":"max-video-preview:-1"},"canonical":"https:\/\/vendas.compareplanodesaude.com.br\/bradesco-saude\/contato\/","og_locale":"pt_BR","og_type":"article","og_title":"Contato - Bradesco Sa\u00fade","og_description":"Contato Deixe suas d\u00favidas, sugest\u00f5es,elogios ou reclama\u00e7\u00f5es. Fale com um dos nossos especialistas (11) 3863-7901 Consultoria Especializada (11) 3863-7900 Atendimento 24 horas Fale conoscoAtive o JavaScript no seu navegador para preencher este formul\u00e1rio.Ative o JavaScript no seu navegador para preencher este formul\u00e1rio.Nome *E-mail *Celular * Tipo de cliente J\u00e1 sou cliente N\u00e3o sou cliente Movimenta\u00e7\u00e3o [&hellip;]","og_url":"https:\/\/vendas.compareplanodesaude.com.br\/bradesco-saude\/contato\/","og_site_name":"Bradesco Sa\u00fade","article_modified_time":"2025-11-17T15:31:43+00:00","twitter_card":"summary_large_image","twitter_misc":{"Est. tempo de leitura":"1 minuto"},"schema":{"@context":"https:\/\/schema.org","@graph":[{"@type":"WebPage","@id":"https:\/\/vendas.compareplanodesaude.com.br\/bradesco-saude\/contato\/","url":"https:\/\/vendas.compareplanodesaude.com.br\/bradesco-saude\/contato\/","name":"Contato - Bradesco Sa\u00fade","isPartOf":{"@id":"https:\/\/vendas.compareplanodesaude.com.br\/bradesco-saude\/#website"},"datePublished":"2021-06-14T19:28:07+00:00","dateModified":"2025-11-17T15:31:43+00:00","breadcrumb":{"@id":"https:\/\/vendas.compareplanodesaude.com.br\/bradesco-saude\/contato\/#breadcrumb"},"inLanguage":"pt-BR","potentialAction":[{"@type":"ReadAction","target":["https:\/\/vendas.compareplanodesaude.com.br\/bradesco-saude\/contato\/"]}]},{"@type":"BreadcrumbList","@id":"https:\/\/vendas.compareplanodesaude.com.br\/bradesco-saude\/contato\/#breadcrumb","itemListElement":[{"@type":"ListItem","position":1,"name":"In\u00edcio","item":"https:\/\/vendas.compareplanodesaude.com.br\/bradesco-saude\/"},{"@type":"ListItem","position":2,"name":"Contato"}]},{"@type":"WebSite","@id":"https:\/\/vendas.compareplanodesaude.com.br\/bradesco-saude\/#website","url":"https:\/\/vendas.compareplanodesaude.com.br\/bradesco-saude\/","name":"Bradesco Sa\u00fade","description":"","publisher":{"@id":"https:\/\/vendas.compareplanodesaude.com.br\/bradesco-saude\/#organization"},"potentialAction":[{"@type":"SearchAction","target":{"@type":"EntryPoint","urlTemplate":"https:\/\/vendas.compareplanodesaude.com.br\/bradesco-saude\/?s={search_term_string}"},"query-input":{"@type":"PropertyValueSpecification","valueRequired":true,"valueName":"search_term_string"}}],"inLanguage":"pt-BR"},{"@type":"Organization","@id":"https:\/\/vendas.compareplanodesaude.com.br\/bradesco-saude\/#organization","name":"Bradesco Sa\u00fade","url":"https:\/\/vendas.compareplanodesaude.com.br\/bradesco-saude\/","logo":{"@type":"ImageObject","inLanguage":"pt-BR","@id":"https:\/\/vendas.compareplanodesaude.com.br\/bradesco-saude\/#\/schema\/logo\/image\/","url":"https:\/\/vendas.compareplanodesaude.com.br\/bradesco-saude\/wp-content\/uploads\/sites\/25\/2025\/09\/cropped-bradescoSaudeLogo.webp","contentUrl":"https:\/\/vendas.compareplanodesaude.com.br\/bradesco-saude\/wp-content\/uploads\/sites\/25\/2025\/09\/cropped-bradescoSaudeLogo.webp","width":405,"height":152,"caption":"Bradesco Sa\u00fade"},"image":{"@id":"https:\/\/vendas.compareplanodesaude.com.br\/bradesco-saude\/#\/schema\/logo\/image\/"}}]}},"_links":{"self":[{"href":"https:\/\/vendas.compareplanodesaude.com.br\/bradesco-saude\/wp-json\/wp\/v2\/pages\/68598","targetHints":{"allow":["GET"]}}],"collection":[{"href":"https:\/\/vendas.compareplanodesaude.com.br\/bradesco-saude\/wp-json\/wp\/v2\/pages"}],"about":[{"href":"https:\/\/vendas.compareplanodesaude.com.br\/bradesco-saude\/wp-json\/wp\/v2\/types\/page"}],"author":[{"embeddable":true,"href":"https:\/\/vendas.compareplanodesaude.com.br\/bradesco-saude\/wp-json\/wp\/v2\/users\/1"}],"replies":[{"embeddable":true,"href":"https:\/\/vendas.compareplanodesaude.com.br\/bradesco-saude\/wp-json\/wp\/v2\/comments?post=68598"}],"version-history":[{"count":6,"href":"https:\/\/vendas.compareplanodesaude.com.br\/bradesco-saude\/wp-json\/wp\/v2\/pages\/68598\/revisions"}],"predecessor-version":[{"id":121144,"href":"https:\/\/vendas.compareplanodesaude.com.br\/bradesco-saude\/wp-json\/wp\/v2\/pages\/68598\/revisions\/121144"}],"wp:attachment":[{"href":"https:\/\/vendas.compareplanodesaude.com.br\/bradesco-saude\/wp-json\/wp\/v2\/media?parent=68598"}],"curies":[{"name":"wp","href":"https:\/\/api.w.org\/{rel}","templated":true}]}}